{"id":569812,"date":"2022-12-22T02:42:34","date_gmt":"2022-12-22T08:42:34","guid":{"rendered":"https:\/\/www.diarioimagen.net\/wp-content\/uploads\/2022\/12\/emmaanuel-flores-1.jpg"},"modified":"2022-12-22T02:42:40","modified_gmt":"2022-12-22T08:42:40","slug":"emmaanuel-flores-1","status":"inherit","type":"attachment","link":"https:\/\/www.diarioimagen.net\/?attachment_id=569812","title":{"rendered":"emmaanuel-flores-1"},"author":3,"featured_media":0,"comment_status":"open","ping_status":"closed","template":"","meta":{"_monsterinsights_skip_tracking":false,"_monsterinsights_sitenote_active":false,"_monsterinsights_sitenote_note":"","_monsterinsights_sitenote_category":0},"class_list":["post-569812","attachment","type-attachment","status-inherit","hentry"],"description":{"rendered":"<p class=\"attachment\"><a href='https:\/\/www.diarioimagen.net\/wp-content\/uploads\/2022\/12\/emmaanuel-flores-1.jpg'><img loading=\"lazy\" decoding=\"async\" width=\"240\" height=\"240\" src=\"https:\/\/www.diarioimagen.net\/wp-content\/uploads\/2022\/12\/emmaanuel-flores-1.jpg\" class=\"attachment-medium size-medium\" alt=\"\" \/><\/a><\/p>\n"},"caption":{"rendered":"<p>El Dr. Emmanuel Flores, miembro de la Asociaci\u00f3n Mexicana de Cirug\u00eda Pl\u00e1stica y Reconstructiva, del Comit\u00e9 Internacional de Cirug\u00eda Pl\u00e1stica y Est\u00e9tica, es pionero en el pa\u00eds de la t\u00e9cnica UGRAFT.<\/p>\n"},"alt_text":"","media_type":"image","mime_type":"image\/jpeg","media_details":{"width":460,"height":460,"file":"2022\/12\/emmaanuel-flores-1.jpg","filesize":89652,"sizes":{},"image_meta":{"aperture":"0","credit":"","camera":"","caption":"","created_timestamp":"0","copyright":"","focal_length":"0","iso":"0","shutter_speed":"0","title":"","orientation":"0","keywords":[]}},"post":569766,"source_url":"https:\/\/www.diarioimagen.net\/wp-content\/uploads\/2022\/12\/emmaanuel-flores-1.jpg","_links":{"self":[{"href":"https:\/\/www.diarioimagen.net\/index.php?rest_route=\/wp\/v2\/media\/569812","targetHints":{"allow":["GET"]}}],"collection":[{"href":"https:\/\/www.diarioimagen.net\/index.php?rest_route=\/wp\/v2\/media"}],"about":[{"href":"https:\/\/www.diarioimagen.net\/index.php?rest_route=\/wp\/v2\/types\/attachment"}],"author":[{"embeddable":true,"href":"https:\/\/www.diarioimagen.net\/index.php?rest_route=\/wp\/v2\/users\/3"}],"replies":[{"embeddable":true,"href":"https:\/\/www.diarioimagen.net\/index.php?rest_route=%2Fwp%2Fv2%2Fcomments&post=569812"}]}}

<p>El Dr. Emmanuel Flores, miembro de la Asociación Mexicana de Cirugía Plástica y Reconstructiva, del Comité Internacional de Cirugía Plástica y Estética, es pionero en el país de la técnica UGRAFT.</p>
