{"id":570178,"date":"2023-01-03T02:50:30","date_gmt":"2023-01-03T08:50:30","guid":{"rendered":"https:\/\/www.diarioimagen.net\/wp-content\/uploads\/2023\/01\/SHEINBAUM.jpg"},"modified":"2023-01-03T02:50:35","modified_gmt":"2023-01-03T08:50:35","slug":"sheinbaum","status":"inherit","type":"attachment","link":"https:\/\/www.diarioimagen.net\/?attachment_id=570178","title":{"rendered":"SHEINBAUM"},"author":3,"featured_media":0,"comment_status":"open","ping_status":"closed","template":"","meta":{"_monsterinsights_skip_tracking":false,"_monsterinsights_sitenote_active":false,"_monsterinsights_sitenote_note":"","_monsterinsights_sitenote_category":0},"class_list":["post-570178","attachment","type-attachment","status-inherit","hentry"],"description":{"rendered":"<p class=\"attachment\"><a href='https:\/\/www.diarioimagen.net\/wp-content\/uploads\/2023\/01\/SHEINBAUM.jpg'><img loading=\"lazy\" decoding=\"async\" width=\"240\" height=\"141\" src=\"https:\/\/www.diarioimagen.net\/wp-content\/uploads\/2023\/01\/SHEINBAUM.jpg\" class=\"attachment-medium size-medium\" alt=\"\" \/><\/a><\/p>\n"},"caption":{"rendered":"<p>Claudia Sheinbaum visitar\u00e1 al menos una colonia o asentamiento cada mes, de los m\u00e1s vulnerables de la Ciudad de M\u00e9xico.<\/p>\n"},"alt_text":"","media_type":"image","mime_type":"image\/jpeg","media_details":{"width":460,"height":270,"file":"2023\/01\/SHEINBAUM.jpg","filesize":59552,"sizes":{},"image_meta":{"aperture":"0","credit":"","camera":"","caption":"","created_timestamp":"0","copyright":"","focal_length":"0","iso":"0","shutter_speed":"0","title":"","orientation":"0","keywords":[]}},"post":570085,"source_url":"https:\/\/www.diarioimagen.net\/wp-content\/uploads\/2023\/01\/SHEINBAUM.jpg","_links":{"self":[{"href":"https:\/\/www.diarioimagen.net\/index.php?rest_route=\/wp\/v2\/media\/570178","targetHints":{"allow":["GET"]}}],"collection":[{"href":"https:\/\/www.diarioimagen.net\/index.php?rest_route=\/wp\/v2\/media"}],"about":[{"href":"https:\/\/www.diarioimagen.net\/index.php?rest_route=\/wp\/v2\/types\/attachment"}],"author":[{"embeddable":true,"href":"https:\/\/www.diarioimagen.net\/index.php?rest_route=\/wp\/v2\/users\/3"}],"replies":[{"embeddable":true,"href":"https:\/\/www.diarioimagen.net\/index.php?rest_route=%2Fwp%2Fv2%2Fcomments&post=570178"}]}}

<p>Claudia Sheinbaum visitará al menos una colonia o asentamiento cada mes, de los más vulnerables de la Ciudad de México.</p>
