{"id":570409,"date":"2023-01-05T02:05:19","date_gmt":"2023-01-05T08:05:19","guid":{"rendered":"https:\/\/www.diarioimagen.net\/wp-content\/uploads\/2023\/01\/consumo-mariguana.jpg"},"modified":"2023-01-05T02:05:23","modified_gmt":"2023-01-05T08:05:23","slug":"consumo-mariguana","status":"inherit","type":"attachment","link":"https:\/\/www.diarioimagen.net\/?attachment_id=570409","title":{"rendered":"consumo-mariguana"},"author":3,"featured_media":0,"comment_status":"open","ping_status":"closed","template":"","meta":{"_monsterinsights_skip_tracking":false,"_monsterinsights_sitenote_active":false,"_monsterinsights_sitenote_note":"","_monsterinsights_sitenote_category":0},"class_list":["post-570409","attachment","type-attachment","status-inherit","hentry"],"description":{"rendered":"<p class=\"attachment\"><a href='https:\/\/www.diarioimagen.net\/wp-content\/uploads\/2023\/01\/consumo-mariguana.jpg'><img loading=\"lazy\" decoding=\"async\" width=\"240\" height=\"141\" src=\"https:\/\/www.diarioimagen.net\/wp-content\/uploads\/2023\/01\/consumo-mariguana.jpg\" class=\"attachment-medium size-medium\" alt=\"\" \/><\/a><\/p>\n"},"caption":{"rendered":"<p>\u00a0El consumo accidental de mariguana comestible en Estados Unidos por parte de ni\u00f1os aument\u00f3 en m\u00e1s de mil 300 por ciento en los \u00faltimos a\u00f1os.<\/p>\n"},"alt_text":"","media_type":"image","mime_type":"image\/jpeg","media_details":{"width":460,"height":270,"file":"2023\/01\/consumo-mariguana.jpg","filesize":65573,"sizes":{},"image_meta":{"aperture":"0","credit":"","camera":"","caption":"","created_timestamp":"0","copyright":"","focal_length":"0","iso":"0","shutter_speed":"0","title":"","orientation":"0","keywords":[]}},"post":570368,"source_url":"https:\/\/www.diarioimagen.net\/wp-content\/uploads\/2023\/01\/consumo-mariguana.jpg","_links":{"self":[{"href":"https:\/\/www.diarioimagen.net\/index.php?rest_route=\/wp\/v2\/media\/570409","targetHints":{"allow":["GET"]}}],"collection":[{"href":"https:\/\/www.diarioimagen.net\/index.php?rest_route=\/wp\/v2\/media"}],"about":[{"href":"https:\/\/www.diarioimagen.net\/index.php?rest_route=\/wp\/v2\/types\/attachment"}],"author":[{"embeddable":true,"href":"https:\/\/www.diarioimagen.net\/index.php?rest_route=\/wp\/v2\/users\/3"}],"replies":[{"embeddable":true,"href":"https:\/\/www.diarioimagen.net\/index.php?rest_route=%2Fwp%2Fv2%2Fcomments&post=570409"}]}}

<p> El consumo accidental de mariguana comestible en Estados Unidos por parte de niños aumentó en más de mil 300 por ciento en los últimos años.</p>
