{"id":570682,"date":"2023-01-09T04:11:39","date_gmt":"2023-01-09T10:11:39","guid":{"rendered":"https:\/\/www.diarioimagen.net\/wp-content\/uploads\/2023\/01\/uaem-negociacion.jpg"},"modified":"2023-01-09T04:11:43","modified_gmt":"2023-01-09T10:11:43","slug":"uaem-negociacion","status":"inherit","type":"attachment","link":"https:\/\/www.diarioimagen.net\/?attachment_id=570682","title":{"rendered":"uaem-negociacion"},"author":3,"featured_media":0,"comment_status":"open","ping_status":"closed","template":"","meta":{"_monsterinsights_skip_tracking":false,"_monsterinsights_sitenote_active":false,"_monsterinsights_sitenote_note":"","_monsterinsights_sitenote_category":0},"class_list":["post-570682","attachment","type-attachment","status-inherit","hentry"],"description":{"rendered":"<p class=\"attachment\"><a href='https:\/\/www.diarioimagen.net\/wp-content\/uploads\/2023\/01\/uaem-negociacion.jpg'><img loading=\"lazy\" decoding=\"async\" width=\"240\" height=\"141\" src=\"https:\/\/www.diarioimagen.net\/wp-content\/uploads\/2023\/01\/uaem-negociacion.jpg\" class=\"attachment-medium size-medium\" alt=\"\" \/><\/a><\/p>\n"},"caption":{"rendered":"<p>Carlos Eduardo Barrera D\u00edaz, rector de la UAEM, expres\u00f3 que las negociaciones buscar\u00e1n el bienestar y la mejora de las condiciones laborales de los integrantes de ambas organizaciones.<\/p>\n"},"alt_text":"","media_type":"image","mime_type":"image\/jpeg","media_details":{"width":460,"height":270,"file":"2023\/01\/uaem-negociacion.jpg","filesize":65826,"sizes":{},"image_meta":{"aperture":"0","credit":"","camera":"","caption":"","created_timestamp":"0","copyright":"","focal_length":"0","iso":"0","shutter_speed":"0","title":"","orientation":"0","keywords":[]}},"post":570634,"source_url":"https:\/\/www.diarioimagen.net\/wp-content\/uploads\/2023\/01\/uaem-negociacion.jpg","_links":{"self":[{"href":"https:\/\/www.diarioimagen.net\/index.php?rest_route=\/wp\/v2\/media\/570682","targetHints":{"allow":["GET"]}}],"collection":[{"href":"https:\/\/www.diarioimagen.net\/index.php?rest_route=\/wp\/v2\/media"}],"about":[{"href":"https:\/\/www.diarioimagen.net\/index.php?rest_route=\/wp\/v2\/types\/attachment"}],"author":[{"embeddable":true,"href":"https:\/\/www.diarioimagen.net\/index.php?rest_route=\/wp\/v2\/users\/3"}],"replies":[{"embeddable":true,"href":"https:\/\/www.diarioimagen.net\/index.php?rest_route=%2Fwp%2Fv2%2Fcomments&post=570682"}]}}

<p>Carlos Eduardo Barrera Díaz, rector de la UAEM, expresó que las negociaciones buscarán el bienestar y la mejora de las condiciones laborales de los integrantes de ambas organizaciones.</p>
