{"id":570684,"date":"2023-01-09T04:12:11","date_gmt":"2023-01-09T10:12:11","guid":{"rendered":"https:\/\/www.diarioimagen.net\/wp-content\/uploads\/2023\/01\/uaem-bienal.jpg"},"modified":"2023-01-09T04:12:18","modified_gmt":"2023-01-09T10:12:18","slug":"uaem-bienal-2","status":"inherit","type":"attachment","link":"https:\/\/www.diarioimagen.net\/?attachment_id=570684","title":{"rendered":"uaem-bienal"},"author":3,"featured_media":0,"comment_status":"open","ping_status":"closed","template":"","meta":{"_monsterinsights_skip_tracking":false,"_monsterinsights_sitenote_active":false,"_monsterinsights_sitenote_note":"","_monsterinsights_sitenote_category":0},"class_list":["post-570684","attachment","type-attachment","status-inherit","hentry"],"description":{"rendered":"<p class=\"attachment\"><a href='https:\/\/www.diarioimagen.net\/wp-content\/uploads\/2023\/01\/uaem-bienal.jpg'><img loading=\"lazy\" decoding=\"async\" width=\"240\" height=\"141\" src=\"https:\/\/www.diarioimagen.net\/wp-content\/uploads\/2023\/01\/uaem-bienal.jpg\" class=\"attachment-medium size-medium\" alt=\"\" \/><\/a><\/p>\n"},"caption":{"rendered":"<p>Esta muestra permite a todas las personas conocer propuestas pl\u00e1sticas y visuales desde la diversidad de discursos po\u00e9ticos, cr\u00edticos y anal\u00edticos, a trav\u00e9s del arte contempor\u00e1neo.<\/p>\n"},"alt_text":"","media_type":"image","mime_type":"image\/jpeg","media_details":{"width":460,"height":270,"file":"2023\/01\/uaem-bienal.jpg","filesize":75421,"sizes":{},"image_meta":{"aperture":"0","credit":"","camera":"","caption":"","created_timestamp":"0","copyright":"","focal_length":"0","iso":"0","shutter_speed":"0","title":"","orientation":"0","keywords":[]}},"post":570632,"source_url":"https:\/\/www.diarioimagen.net\/wp-content\/uploads\/2023\/01\/uaem-bienal.jpg","_links":{"self":[{"href":"https:\/\/www.diarioimagen.net\/index.php?rest_route=\/wp\/v2\/media\/570684","targetHints":{"allow":["GET"]}}],"collection":[{"href":"https:\/\/www.diarioimagen.net\/index.php?rest_route=\/wp\/v2\/media"}],"about":[{"href":"https:\/\/www.diarioimagen.net\/index.php?rest_route=\/wp\/v2\/types\/attachment"}],"author":[{"embeddable":true,"href":"https:\/\/www.diarioimagen.net\/index.php?rest_route=\/wp\/v2\/users\/3"}],"replies":[{"embeddable":true,"href":"https:\/\/www.diarioimagen.net\/index.php?rest_route=%2Fwp%2Fv2%2Fcomments&post=570684"}]}}

<p>Esta muestra permite a todas las personas conocer propuestas plásticas y visuales desde la diversidad de discursos poéticos, críticos y analíticos, a través del arte contemporáneo.</p>
