{"id":570702,"date":"2023-01-09T04:20:08","date_gmt":"2023-01-09T10:20:08","guid":{"rendered":"https:\/\/www.diarioimagen.net\/wp-content\/uploads\/2023\/01\/pri-mexiquense.jpg"},"modified":"2023-01-09T04:20:13","modified_gmt":"2023-01-09T10:20:13","slug":"pri-mexiquense-2","status":"inherit","type":"attachment","link":"https:\/\/www.diarioimagen.net\/?attachment_id=570702","title":{"rendered":"pri-mexiquense"},"author":3,"featured_media":0,"comment_status":"open","ping_status":"closed","template":"","meta":{"_monsterinsights_skip_tracking":false,"_monsterinsights_sitenote_active":false,"_monsterinsights_sitenote_note":"","_monsterinsights_sitenote_category":0},"class_list":["post-570702","attachment","type-attachment","status-inherit","hentry"],"description":{"rendered":"<p class=\"attachment\"><a href='https:\/\/www.diarioimagen.net\/wp-content\/uploads\/2023\/01\/pri-mexiquense.jpg'><img loading=\"lazy\" decoding=\"async\" width=\"240\" height=\"141\" src=\"https:\/\/www.diarioimagen.net\/wp-content\/uploads\/2023\/01\/pri-mexiquense.jpg\" class=\"attachment-medium size-medium\" alt=\"\" \/><\/a><\/p>\n"},"caption":{"rendered":"<p>Tonatiuh Medina Meza, representante del PRI ante el IEEM, sostuvo que el PRI, con sus aliados y la ciudadan\u00eda, defender\u00e1n con determinaci\u00f3n el Edomex.<\/p>\n"},"alt_text":"","media_type":"image","mime_type":"image\/jpeg","media_details":{"width":460,"height":270,"file":"2023\/01\/pri-mexiquense.jpg","filesize":41878,"sizes":{},"image_meta":{"aperture":"0","credit":"","camera":"","caption":"","created_timestamp":"0","copyright":"","focal_length":"0","iso":"0","shutter_speed":"0","title":"","orientation":"0","keywords":[]}},"post":570652,"source_url":"https:\/\/www.diarioimagen.net\/wp-content\/uploads\/2023\/01\/pri-mexiquense.jpg","_links":{"self":[{"href":"https:\/\/www.diarioimagen.net\/index.php?rest_route=\/wp\/v2\/media\/570702","targetHints":{"allow":["GET"]}}],"collection":[{"href":"https:\/\/www.diarioimagen.net\/index.php?rest_route=\/wp\/v2\/media"}],"about":[{"href":"https:\/\/www.diarioimagen.net\/index.php?rest_route=\/wp\/v2\/types\/attachment"}],"author":[{"embeddable":true,"href":"https:\/\/www.diarioimagen.net\/index.php?rest_route=\/wp\/v2\/users\/3"}],"replies":[{"embeddable":true,"href":"https:\/\/www.diarioimagen.net\/index.php?rest_route=%2Fwp%2Fv2%2Fcomments&post=570702"}]}}

<p>Tonatiuh Medina Meza, representante del PRI ante el IEEM, sostuvo que el PRI, con sus aliados y la ciudadanía, defenderán con determinación el Edomex.</p>
