{"id":570883,"date":"2023-01-10T01:26:15","date_gmt":"2023-01-10T07:26:15","guid":{"rendered":"https:\/\/www.diarioimagen.net\/wp-content\/uploads\/2023\/01\/INFLACION.jpg"},"modified":"2023-01-10T01:26:20","modified_gmt":"2023-01-10T07:26:20","slug":"inflacion-8","status":"inherit","type":"attachment","link":"https:\/\/www.diarioimagen.net\/?attachment_id=570883","title":{"rendered":"INFLACION"},"author":3,"featured_media":0,"comment_status":"open","ping_status":"closed","template":"","meta":{"_monsterinsights_skip_tracking":false,"_monsterinsights_sitenote_active":false,"_monsterinsights_sitenote_note":"","_monsterinsights_sitenote_category":0},"class_list":["post-570883","attachment","type-attachment","status-inherit","hentry"],"description":{"rendered":"<p class=\"attachment\"><a href='https:\/\/www.diarioimagen.net\/wp-content\/uploads\/2023\/01\/INFLACION.jpg'><img loading=\"lazy\" decoding=\"async\" width=\"240\" height=\"141\" src=\"https:\/\/www.diarioimagen.net\/wp-content\/uploads\/2023\/01\/INFLACION.jpg\" class=\"attachment-medium size-medium\" alt=\"\" \/><\/a><\/p>\n"},"caption":{"rendered":"<p>La inflaci\u00f3n general cerr\u00f3 el a\u00f1o pasado en niveles no vistos desde hace 22 a\u00f1os, cuando en 2000 registr\u00f3 una tasa anual de 8.96 por ciento.<\/p>\n"},"alt_text":"","media_type":"image","mime_type":"image\/jpeg","media_details":{"width":460,"height":270,"file":"2023\/01\/INFLACION.jpg","filesize":91542,"sizes":{},"image_meta":{"aperture":"0","credit":"","camera":"","caption":"","created_timestamp":"0","copyright":"","focal_length":"0","iso":"0","shutter_speed":"0","title":"","orientation":"0","keywords":[]}},"post":570795,"source_url":"https:\/\/www.diarioimagen.net\/wp-content\/uploads\/2023\/01\/INFLACION.jpg","_links":{"self":[{"href":"https:\/\/www.diarioimagen.net\/index.php?rest_route=\/wp\/v2\/media\/570883","targetHints":{"allow":["GET"]}}],"collection":[{"href":"https:\/\/www.diarioimagen.net\/index.php?rest_route=\/wp\/v2\/media"}],"about":[{"href":"https:\/\/www.diarioimagen.net\/index.php?rest_route=\/wp\/v2\/types\/attachment"}],"author":[{"embeddable":true,"href":"https:\/\/www.diarioimagen.net\/index.php?rest_route=\/wp\/v2\/users\/3"}],"replies":[{"embeddable":true,"href":"https:\/\/www.diarioimagen.net\/index.php?rest_route=%2Fwp%2Fv2%2Fcomments&post=570883"}]}}

<p>La inflación general cerró el año pasado en niveles no vistos desde hace 22 años, cuando en 2000 registró una tasa anual de 8.96 por ciento.</p>
