{"id":571947,"date":"2023-01-20T03:42:40","date_gmt":"2023-01-20T09:42:40","guid":{"rendered":"https:\/\/www.diarioimagen.net\/wp-content\/uploads\/2023\/01\/protegeran-logros.jpg"},"modified":"2023-01-20T03:42:44","modified_gmt":"2023-01-20T09:42:44","slug":"protegeran-logros","status":"inherit","type":"attachment","link":"https:\/\/www.diarioimagen.net\/?attachment_id=571947","title":{"rendered":"protegeran-logros"},"author":3,"featured_media":0,"comment_status":"open","ping_status":"closed","template":"","meta":{"_monsterinsights_skip_tracking":false,"_monsterinsights_sitenote_active":false,"_monsterinsights_sitenote_note":"","_monsterinsights_sitenote_category":0},"class_list":["post-571947","attachment","type-attachment","status-inherit","hentry"],"description":{"rendered":"<p class=\"attachment\"><a href='https:\/\/www.diarioimagen.net\/wp-content\/uploads\/2023\/01\/protegeran-logros.jpg'><img loading=\"lazy\" decoding=\"async\" width=\"240\" height=\"141\" src=\"https:\/\/www.diarioimagen.net\/wp-content\/uploads\/2023\/01\/protegeran-logros.jpg\" class=\"attachment-medium size-medium\" alt=\"\" \/><\/a><\/p>\n"},"caption":{"rendered":"<p>Alejandra Del Moral Vela llam\u00f3 a trabajar todos los d\u00edas para llegar a cada rinc\u00f3n de la entidad y proteger los logros alcanzados por el priismo mexiquense.<\/p>\n"},"alt_text":"","media_type":"image","mime_type":"image\/jpeg","media_details":{"width":460,"height":270,"file":"2023\/01\/protegeran-logros.jpg","filesize":46302,"sizes":{},"image_meta":{"aperture":"0","credit":"","camera":"","caption":"","created_timestamp":"0","copyright":"","focal_length":"0","iso":"0","shutter_speed":"0","title":"","orientation":"0","keywords":[]}},"post":571900,"source_url":"https:\/\/www.diarioimagen.net\/wp-content\/uploads\/2023\/01\/protegeran-logros.jpg","_links":{"self":[{"href":"https:\/\/www.diarioimagen.net\/index.php?rest_route=\/wp\/v2\/media\/571947","targetHints":{"allow":["GET"]}}],"collection":[{"href":"https:\/\/www.diarioimagen.net\/index.php?rest_route=\/wp\/v2\/media"}],"about":[{"href":"https:\/\/www.diarioimagen.net\/index.php?rest_route=\/wp\/v2\/types\/attachment"}],"author":[{"embeddable":true,"href":"https:\/\/www.diarioimagen.net\/index.php?rest_route=\/wp\/v2\/users\/3"}],"replies":[{"embeddable":true,"href":"https:\/\/www.diarioimagen.net\/index.php?rest_route=%2Fwp%2Fv2%2Fcomments&post=571947"}]}}

<p>Alejandra Del Moral Vela llamó a trabajar todos los días para llegar a cada rincón de la entidad y proteger los logros alcanzados por el priismo mexiquense.</p>
