{"id":572383,"date":"2023-01-25T01:47:20","date_gmt":"2023-01-25T07:47:20","guid":{"rendered":"https:\/\/www.diarioimagen.net\/wp-content\/uploads\/2023\/01\/derecho-8.jpg"},"modified":"2023-01-25T01:47:24","modified_gmt":"2023-01-25T07:47:24","slug":"derecho-580","status":"inherit","type":"attachment","link":"https:\/\/www.diarioimagen.net\/?attachment_id=572383","title":{"rendered":"derecho"},"author":3,"featured_media":0,"comment_status":"open","ping_status":"closed","template":"","meta":{"_monsterinsights_skip_tracking":false,"_monsterinsights_sitenote_active":false,"_monsterinsights_sitenote_note":"","_monsterinsights_sitenote_category":0},"class_list":["post-572383","attachment","type-attachment","status-inherit","hentry"],"description":{"rendered":"<p class=\"attachment\"><a href='https:\/\/www.diarioimagen.net\/wp-content\/uploads\/2023\/01\/derecho-8.jpg'><img loading=\"lazy\" decoding=\"async\" width=\"240\" height=\"141\" src=\"https:\/\/www.diarioimagen.net\/wp-content\/uploads\/2023\/01\/derecho-8.jpg\" class=\"attachment-medium size-medium\" alt=\"\" \/><\/a><\/p>\n"},"caption":{"rendered":"<p>El Carnaval 2023 se llevar\u00e1 a cabo del 17 al 21 de febrero pr\u00f3ximos e incluir\u00e1 un amplio programa de actividades culturales y art\u00edsticas.<\/p>\n"},"alt_text":"","media_type":"image","mime_type":"image\/jpeg","media_details":{"width":460,"height":270,"file":"2023\/01\/derecho-8.jpg","filesize":113419,"sizes":{},"image_meta":{"aperture":"0","credit":"","camera":"","caption":"","created_timestamp":"0","copyright":"","focal_length":"0","iso":"0","shutter_speed":"0","title":"","orientation":"0","keywords":[]}},"post":572345,"source_url":"https:\/\/www.diarioimagen.net\/wp-content\/uploads\/2023\/01\/derecho-8.jpg","_links":{"self":[{"href":"https:\/\/www.diarioimagen.net\/index.php?rest_route=\/wp\/v2\/media\/572383","targetHints":{"allow":["GET"]}}],"collection":[{"href":"https:\/\/www.diarioimagen.net\/index.php?rest_route=\/wp\/v2\/media"}],"about":[{"href":"https:\/\/www.diarioimagen.net\/index.php?rest_route=\/wp\/v2\/types\/attachment"}],"author":[{"embeddable":true,"href":"https:\/\/www.diarioimagen.net\/index.php?rest_route=\/wp\/v2\/users\/3"}],"replies":[{"embeddable":true,"href":"https:\/\/www.diarioimagen.net\/index.php?rest_route=%2Fwp%2Fv2%2Fcomments&post=572383"}]}}

<p>El Carnaval 2023 se llevará a cabo del 17 al 21 de febrero próximos e incluirá un amplio programa de actividades culturales y artísticas.</p>
