{"id":573092,"date":"2023-02-01T01:54:28","date_gmt":"2023-02-01T07:54:28","guid":{"rendered":"https:\/\/www.diarioimagen.net\/wp-content\/uploads\/2023\/02\/firma-gobierno.jpg"},"modified":"2023-02-01T01:54:32","modified_gmt":"2023-02-01T07:54:32","slug":"firma-gobierno","status":"inherit","type":"attachment","link":"https:\/\/www.diarioimagen.net\/?attachment_id=573092","title":{"rendered":"firma-gobierno"},"author":3,"featured_media":0,"comment_status":"open","ping_status":"closed","template":"","meta":{"_monsterinsights_skip_tracking":false,"_monsterinsights_sitenote_active":false,"_monsterinsights_sitenote_note":"","_monsterinsights_sitenote_category":0},"class_list":["post-573092","attachment","type-attachment","status-inherit","hentry"],"description":{"rendered":"<p class=\"attachment\"><a href='https:\/\/www.diarioimagen.net\/wp-content\/uploads\/2023\/02\/firma-gobierno.jpg'><img loading=\"lazy\" decoding=\"async\" width=\"240\" height=\"141\" src=\"https:\/\/www.diarioimagen.net\/wp-content\/uploads\/2023\/02\/firma-gobierno.jpg\" class=\"attachment-medium size-medium\" alt=\"\" \/><\/a><\/p>\n"},"caption":{"rendered":"<p>El l\u00edder estatal del PVEM, Jos\u00e9 Alberto Couttolenc, conf\u00edo en que Delfina G\u00f3mez ganar\u00e1 la gubernatura en el Estado de M\u00e9xico.<\/p>\n"},"alt_text":"","media_type":"image","mime_type":"image\/jpeg","media_details":{"width":460,"height":270,"file":"2023\/02\/firma-gobierno.jpg","filesize":73017,"sizes":{},"image_meta":{"aperture":"0","credit":"","camera":"","caption":"","created_timestamp":"0","copyright":"","focal_length":"0","iso":"0","shutter_speed":"0","title":"","orientation":"0","keywords":[]}},"post":573018,"source_url":"https:\/\/www.diarioimagen.net\/wp-content\/uploads\/2023\/02\/firma-gobierno.jpg","_links":{"self":[{"href":"https:\/\/www.diarioimagen.net\/index.php?rest_route=\/wp\/v2\/media\/573092","targetHints":{"allow":["GET"]}}],"collection":[{"href":"https:\/\/www.diarioimagen.net\/index.php?rest_route=\/wp\/v2\/media"}],"about":[{"href":"https:\/\/www.diarioimagen.net\/index.php?rest_route=\/wp\/v2\/types\/attachment"}],"author":[{"embeddable":true,"href":"https:\/\/www.diarioimagen.net\/index.php?rest_route=\/wp\/v2\/users\/3"}],"replies":[{"embeddable":true,"href":"https:\/\/www.diarioimagen.net\/index.php?rest_route=%2Fwp%2Fv2%2Fcomments&post=573092"}]}}

<p>El líder estatal del PVEM, José Alberto Couttolenc, confío en que Delfina Gómez ganará la gubernatura en el Estado de México.</p>
