{"id":573528,"date":"2023-02-06T03:38:22","date_gmt":"2023-02-06T09:38:22","guid":{"rendered":"https:\/\/www.diarioimagen.net\/wp-content\/uploads\/2023\/02\/QPABC5BOSJBSTFEU4B2RZMQETM.jpg"},"modified":"2023-02-06T03:38:22","modified_gmt":"2023-02-06T09:38:22","slug":"retiro-del-vagon-impactado-la-manana-del-sabado-donde-resultaron-heridas-mas-de-50-personas","status":"inherit","type":"attachment","link":"https:\/\/www.diarioimagen.net\/?attachment_id=573528","title":{"rendered":"Retiro del vag\u00f3n impactado la ma\u00f1ana del s\u00e1bado donde resultaron heridas m\u00e1s de 50 personas."},"author":3,"featured_media":0,"comment_status":"open","ping_status":"closed","template":"","meta":{"_monsterinsights_skip_tracking":false,"_monsterinsights_sitenote_active":false,"_monsterinsights_sitenote_note":"","_monsterinsights_sitenote_category":0},"class_list":["post-573528","attachment","type-attachment","status-inherit","hentry"],"description":{"rendered":"<p class=\"attachment\"><a href='https:\/\/www.diarioimagen.net\/wp-content\/uploads\/2023\/02\/QPABC5BOSJBSTFEU4B2RZMQETM.jpg'><img loading=\"lazy\" decoding=\"async\" width=\"240\" height=\"159\" src=\"https:\/\/www.diarioimagen.net\/wp-content\/uploads\/2023\/02\/QPABC5BOSJBSTFEU4B2RZMQETM.jpg\" class=\"attachment-medium size-medium\" alt=\"\" \/><\/a><\/p>\n"},"caption":{"rendered":"<p>CIUDAD DE M\u00c9XICO, 08ENERO2023.- Esta ma\u00f1ana trabajadores del Metro retiraron uno de los vagones impactados la ma\u00f1ana del s\u00e1bado donde m\u00e1s de 50 personas resultaron heridas y una falleci\u00f3. FOTO: DANIEL AUGUSTO \/CUARTOSCURO.COM<\/p>\n"},"alt_text":"","media_type":"image","mime_type":"image\/jpeg","media_details":{"width":1920,"height":1275,"file":"2023\/02\/QPABC5BOSJBSTFEU4B2RZMQETM.jpg","filesize":398305,"sizes":{},"image_meta":{"aperture":"0","credit":"Daniel Augusto","camera":"","caption":"CIUDAD DE M\u00c9XICO, 08ENERO2023.- Esta ma\u00f1ana trabajadores del Metro retiraron uno de los vagones impactados la ma\u00f1ana del s\u00e1bado donde m\u00e1s de 50 personas resultaron heridas y una falleci\u00f3. FOTO: DANIEL AUGUSTO \/CUARTOSCURO.COM","created_timestamp":"0","copyright":"Daniel Augusto @Cuartoscuro","focal_length":"0","iso":"0","shutter_speed":"0","title":"Retiro del vag\u00f3n impactado la ma\u00f1ana del s\u00e1bado donde resultaron heridas m\u00e1s de 50 personas.","orientation":"0","keywords":["choque de trenes, Claudia Sheinbaum, Jefa de gobierno, La Raza, Linea 3, metro, Potrero, stc metro, transporte publico"]}},"post":573439,"source_url":"https:\/\/www.diarioimagen.net\/wp-content\/uploads\/2023\/02\/QPABC5BOSJBSTFEU4B2RZMQETM.jpg","_links":{"self":[{"href":"https:\/\/www.diarioimagen.net\/index.php?rest_route=\/wp\/v2\/media\/573528","targetHints":{"allow":["GET"]}}],"collection":[{"href":"https:\/\/www.diarioimagen.net\/index.php?rest_route=\/wp\/v2\/media"}],"about":[{"href":"https:\/\/www.diarioimagen.net\/index.php?rest_route=\/wp\/v2\/types\/attachment"}],"author":[{"embeddable":true,"href":"https:\/\/www.diarioimagen.net\/index.php?rest_route=\/wp\/v2\/users\/3"}],"replies":[{"embeddable":true,"href":"https:\/\/www.diarioimagen.net\/index.php?rest_route=%2Fwp%2Fv2%2Fcomments&post=573528"}]}}

Retiro del vagón impactado la mañana del sábado donde resultaron heridas más de 50 personas.

<p>CIUDAD DE MÉXICO, 08ENERO2023.- Esta mañana trabajadores del Metro retiraron uno de los vagones impactados la mañana del sábado donde más de 50 personas resultaron heridas y una falleció. FOTO: DANIEL AUGUSTO /CUARTOSCURO.COM</p>

CIUDAD DE MÉXICO, 08ENERO2023.- Esta mañana trabajadores del Metro retiraron uno de los vagones impactados la mañana del sábado donde más de 50 personas resultaron heridas y una falleció. FOTO: DANIEL AUGUSTO /CUARTOSCURO.COM
