{"id":574045,"date":"2023-02-10T03:30:02","date_gmt":"2023-02-10T09:30:02","guid":{"rendered":"https:\/\/www.diarioimagen.net\/wp-content\/uploads\/2023\/02\/HUEVOS.jpg"},"modified":"2023-02-10T03:30:07","modified_gmt":"2023-02-10T09:30:07","slug":"huevos","status":"inherit","type":"attachment","link":"https:\/\/www.diarioimagen.net\/?attachment_id=574045","title":{"rendered":"HUEVOS"},"author":3,"featured_media":0,"comment_status":"open","ping_status":"closed","template":"","meta":{"_monsterinsights_skip_tracking":false,"_monsterinsights_sitenote_active":false,"_monsterinsights_sitenote_note":"","_monsterinsights_sitenote_category":0},"class_list":["post-574045","attachment","type-attachment","status-inherit","hentry"],"description":{"rendered":"<p class=\"attachment\"><a href='https:\/\/www.diarioimagen.net\/wp-content\/uploads\/2023\/02\/HUEVOS.jpg'><img loading=\"lazy\" decoding=\"async\" width=\"240\" height=\"141\" src=\"https:\/\/www.diarioimagen.net\/wp-content\/uploads\/2023\/02\/HUEVOS.jpg\" class=\"attachment-medium size-medium\" alt=\"\" \/><\/a><\/p>\n"},"caption":{"rendered":"<p>El kilo de huevo ronda los 50 pesos en los \u00faltimos d\u00edas, un alza de 14% en menos de un mes, seg\u00fan datos de la Secretar\u00eda de Econom\u00eda.<\/p>\n"},"alt_text":"","media_type":"image","mime_type":"image\/jpeg","media_details":{"width":460,"height":270,"file":"2023\/02\/HUEVOS.jpg","filesize":61721,"sizes":{},"image_meta":{"aperture":"0","credit":"","camera":"","caption":"","created_timestamp":"0","copyright":"","focal_length":"0","iso":"0","shutter_speed":"0","title":"","orientation":"0","keywords":[]}},"post":573988,"source_url":"https:\/\/www.diarioimagen.net\/wp-content\/uploads\/2023\/02\/HUEVOS.jpg","_links":{"self":[{"href":"https:\/\/www.diarioimagen.net\/index.php?rest_route=\/wp\/v2\/media\/574045","targetHints":{"allow":["GET"]}}],"collection":[{"href":"https:\/\/www.diarioimagen.net\/index.php?rest_route=\/wp\/v2\/media"}],"about":[{"href":"https:\/\/www.diarioimagen.net\/index.php?rest_route=\/wp\/v2\/types\/attachment"}],"author":[{"embeddable":true,"href":"https:\/\/www.diarioimagen.net\/index.php?rest_route=\/wp\/v2\/users\/3"}],"replies":[{"embeddable":true,"href":"https:\/\/www.diarioimagen.net\/index.php?rest_route=%2Fwp%2Fv2%2Fcomments&post=574045"}]}}

<p>El kilo de huevo ronda los 50 pesos en los últimos días, un alza de 14% en menos de un mes, según datos de la Secretaría de Economía.</p>
