{"id":574504,"date":"2023-02-15T03:00:31","date_gmt":"2023-02-15T09:00:31","guid":{"rendered":"https:\/\/www.diarioimagen.net\/wp-content\/uploads\/2023\/02\/horario-estelar-3.jpg"},"modified":"2023-02-15T03:00:37","modified_gmt":"2023-02-15T09:00:37","slug":"horario-estelar-3","status":"inherit","type":"attachment","link":"https:\/\/www.diarioimagen.net\/?attachment_id=574504","title":{"rendered":"horario-estelar-3"},"author":3,"featured_media":0,"comment_status":"open","ping_status":"closed","template":"","meta":{"_monsterinsights_skip_tracking":false,"_monsterinsights_sitenote_active":false,"_monsterinsights_sitenote_note":"","_monsterinsights_sitenote_category":0},"class_list":["post-574504","attachment","type-attachment","status-inherit","hentry"],"description":{"rendered":"<p class=\"attachment\"><a href='https:\/\/www.diarioimagen.net\/wp-content\/uploads\/2023\/02\/horario-estelar-3.jpg'><img loading=\"lazy\" decoding=\"async\" width=\"240\" height=\"141\" src=\"https:\/\/www.diarioimagen.net\/wp-content\/uploads\/2023\/02\/horario-estelar-3.jpg\" class=\"attachment-medium size-medium\" alt=\"\" \/><\/a><\/p>\n"},"caption":{"rendered":"<p>\u201cHorario Estelar\u201d presenta a Ramiro del Solar (\u00d3scar Jaenada), un periodista de televisi\u00f3n poderoso, carism\u00e1tico, inteligente e inmoral. Podr\u00e1s conocer su historia en breve con el inminente estreno de la serie en Star+. (Foto: Asael Grande).<\/p>\n"},"alt_text":"","media_type":"image","mime_type":"image\/jpeg","media_details":{"width":460,"height":270,"file":"2023\/02\/horario-estelar-3.jpg","filesize":78765,"sizes":{},"image_meta":{"aperture":"0","credit":"","camera":"","caption":"","created_timestamp":"0","copyright":"","focal_length":"0","iso":"0","shutter_speed":"0","title":"","orientation":"0","keywords":[]}},"post":574451,"source_url":"https:\/\/www.diarioimagen.net\/wp-content\/uploads\/2023\/02\/horario-estelar-3.jpg","_links":{"self":[{"href":"https:\/\/www.diarioimagen.net\/index.php?rest_route=\/wp\/v2\/media\/574504","targetHints":{"allow":["GET"]}}],"collection":[{"href":"https:\/\/www.diarioimagen.net\/index.php?rest_route=\/wp\/v2\/media"}],"about":[{"href":"https:\/\/www.diarioimagen.net\/index.php?rest_route=\/wp\/v2\/types\/attachment"}],"author":[{"embeddable":true,"href":"https:\/\/www.diarioimagen.net\/index.php?rest_route=\/wp\/v2\/users\/3"}],"replies":[{"embeddable":true,"href":"https:\/\/www.diarioimagen.net\/index.php?rest_route=%2Fwp%2Fv2%2Fcomments&post=574504"}]}}

<p>“Horario Estelar” presenta a Ramiro del Solar (Óscar Jaenada), un periodista de televisión poderoso, carismático, inteligente e inmoral. Podrás conocer su historia en breve con el inminente estreno de la serie en Star+. (Foto: Asael Grande).</p>
