{"id":574638,"date":"2023-02-16T01:43:03","date_gmt":"2023-02-16T07:43:03","guid":{"rendered":"https:\/\/www.diarioimagen.net\/wp-content\/uploads\/2023\/02\/aeromar.jpg"},"modified":"2023-02-16T01:43:07","modified_gmt":"2023-02-16T07:43:07","slug":"aeromar","status":"inherit","type":"attachment","link":"https:\/\/www.diarioimagen.net\/?attachment_id=574638","title":{"rendered":"aeromar"},"author":3,"featured_media":0,"comment_status":"open","ping_status":"closed","template":"","meta":{"_monsterinsights_skip_tracking":false,"_monsterinsights_sitenote_active":false,"_monsterinsights_sitenote_note":"","_monsterinsights_sitenote_category":0},"class_list":["post-574638","attachment","type-attachment","status-inherit","hentry"],"description":{"rendered":"<p class=\"attachment\"><a href='https:\/\/www.diarioimagen.net\/wp-content\/uploads\/2023\/02\/aeromar.jpg'><img loading=\"lazy\" decoding=\"async\" width=\"240\" height=\"141\" src=\"https:\/\/www.diarioimagen.net\/wp-content\/uploads\/2023\/02\/aeromar.jpg\" class=\"attachment-medium size-medium\" alt=\"\" \/><\/a><\/p>\n"},"caption":{"rendered":"<p>Los mostradores de Aeromar en el Aeropuerto Internacional de la Ciudad de M\u00e9xico (AICM) amanecieron vac\u00edos desde este mi\u00e9rcoles.<\/p>\n"},"alt_text":"","media_type":"image","mime_type":"image\/jpeg","media_details":{"width":460,"height":270,"file":"2023\/02\/aeromar.jpg","filesize":58725,"sizes":{},"image_meta":{"aperture":"0","credit":"","camera":"","caption":"","created_timestamp":"0","copyright":"","focal_length":"0","iso":"0","shutter_speed":"0","title":"","orientation":"0","keywords":[]}},"post":574559,"source_url":"https:\/\/www.diarioimagen.net\/wp-content\/uploads\/2023\/02\/aeromar.jpg","_links":{"self":[{"href":"https:\/\/www.diarioimagen.net\/index.php?rest_route=\/wp\/v2\/media\/574638","targetHints":{"allow":["GET"]}}],"collection":[{"href":"https:\/\/www.diarioimagen.net\/index.php?rest_route=\/wp\/v2\/media"}],"about":[{"href":"https:\/\/www.diarioimagen.net\/index.php?rest_route=\/wp\/v2\/types\/attachment"}],"author":[{"embeddable":true,"href":"https:\/\/www.diarioimagen.net\/index.php?rest_route=\/wp\/v2\/users\/3"}],"replies":[{"embeddable":true,"href":"https:\/\/www.diarioimagen.net\/index.php?rest_route=%2Fwp%2Fv2%2Fcomments&post=574638"}]}}

<p>Los mostradores de Aeromar en el Aeropuerto Internacional de la Ciudad de México (AICM) amanecieron vacíos desde este miércoles.</p>
