{"id":574755,"date":"2023-02-17T03:18:25","date_gmt":"2023-02-17T09:18:25","guid":{"rendered":"https:\/\/www.diarioimagen.net\/wp-content\/uploads\/2023\/02\/plasman-amor.jpg"},"modified":"2023-02-17T03:18:29","modified_gmt":"2023-02-17T09:18:29","slug":"plasman-amor","status":"inherit","type":"attachment","link":"https:\/\/www.diarioimagen.net\/?attachment_id=574755","title":{"rendered":"plasman-amor"},"author":3,"featured_media":0,"comment_status":"open","ping_status":"closed","template":"","meta":{"_monsterinsights_skip_tracking":false,"_monsterinsights_sitenote_active":false,"_monsterinsights_sitenote_note":"","_monsterinsights_sitenote_category":0},"class_list":["post-574755","attachment","type-attachment","status-inherit","hentry"],"description":{"rendered":"<p class=\"attachment\"><a href='https:\/\/www.diarioimagen.net\/wp-content\/uploads\/2023\/02\/plasman-amor.jpg'><img loading=\"lazy\" decoding=\"async\" width=\"240\" height=\"141\" src=\"https:\/\/www.diarioimagen.net\/wp-content\/uploads\/2023\/02\/plasman-amor.jpg\" class=\"attachment-medium size-medium\" alt=\"\" \/><\/a><\/p>\n"},"caption":{"rendered":"<p>El Fondo Editorial Estado de M\u00e9xico, de la Secretar\u00eda de Cultura y Turismo, invit\u00f3 a descubrir lecturas que tienen como inspiraci\u00f3n los sentimientos que unen a las personas.<\/p>\n"},"alt_text":"","media_type":"image","mime_type":"image\/jpeg","media_details":{"width":460,"height":270,"file":"2023\/02\/plasman-amor.jpg","filesize":52965,"sizes":{},"image_meta":{"aperture":"0","credit":"","camera":"","caption":"","created_timestamp":"0","copyright":"","focal_length":"0","iso":"0","shutter_speed":"0","title":"","orientation":"0","keywords":[]}},"post":574703,"source_url":"https:\/\/www.diarioimagen.net\/wp-content\/uploads\/2023\/02\/plasman-amor.jpg","_links":{"self":[{"href":"https:\/\/www.diarioimagen.net\/index.php?rest_route=\/wp\/v2\/media\/574755","targetHints":{"allow":["GET"]}}],"collection":[{"href":"https:\/\/www.diarioimagen.net\/index.php?rest_route=\/wp\/v2\/media"}],"about":[{"href":"https:\/\/www.diarioimagen.net\/index.php?rest_route=\/wp\/v2\/types\/attachment"}],"author":[{"embeddable":true,"href":"https:\/\/www.diarioimagen.net\/index.php?rest_route=\/wp\/v2\/users\/3"}],"replies":[{"embeddable":true,"href":"https:\/\/www.diarioimagen.net\/index.php?rest_route=%2Fwp%2Fv2%2Fcomments&post=574755"}]}}

<p>El Fondo Editorial Estado de México, de la Secretaría de Cultura y Turismo, invitó a descubrir lecturas que tienen como inspiración los sentimientos que unen a las personas.</p>
