{"id":575095,"date":"2023-02-21T02:00:53","date_gmt":"2023-02-21T08:00:53","guid":{"rendered":"https:\/\/www.diarioimagen.net\/wp-content\/uploads\/2023\/02\/uaem-vanguardia.jpg"},"modified":"2023-02-21T02:00:59","modified_gmt":"2023-02-21T08:00:59","slug":"uaem-vanguardia","status":"inherit","type":"attachment","link":"https:\/\/www.diarioimagen.net\/?attachment_id=575095","title":{"rendered":"uaem-vanguardia"},"author":3,"featured_media":0,"comment_status":"open","ping_status":"closed","template":"","meta":{"_monsterinsights_skip_tracking":false,"_monsterinsights_sitenote_active":false,"_monsterinsights_sitenote_note":"","_monsterinsights_sitenote_category":0},"class_list":["post-575095","attachment","type-attachment","status-inherit","hentry"],"description":{"rendered":"<p class=\"attachment\"><a href='https:\/\/www.diarioimagen.net\/wp-content\/uploads\/2023\/02\/uaem-vanguardia.jpg'><img loading=\"lazy\" decoding=\"async\" width=\"240\" height=\"141\" src=\"https:\/\/www.diarioimagen.net\/wp-content\/uploads\/2023\/02\/uaem-vanguardia.jpg\" class=\"attachment-medium size-medium\" alt=\"\" \/><\/a><\/p>\n"},"caption":{"rendered":"<p>Durante el periodo primavera 2023, la UAEM\u00e9x recibi\u00f3 a 46 estudiantes, 36 internacionales y 10 nacionales que estar\u00e1n cursando estudios en 25 programas de estudio en 16 espacios acad\u00e9micos.<\/p>\n"},"alt_text":"","media_type":"image","mime_type":"image\/jpeg","media_details":{"width":460,"height":270,"file":"2023\/02\/uaem-vanguardia.jpg","filesize":99657,"sizes":{},"image_meta":{"aperture":"0","credit":"","camera":"","caption":"","created_timestamp":"0","copyright":"","focal_length":"0","iso":"0","shutter_speed":"0","title":"","orientation":"0","keywords":[]}},"post":575019,"source_url":"https:\/\/www.diarioimagen.net\/wp-content\/uploads\/2023\/02\/uaem-vanguardia.jpg","_links":{"self":[{"href":"https:\/\/www.diarioimagen.net\/index.php?rest_route=\/wp\/v2\/media\/575095","targetHints":{"allow":["GET"]}}],"collection":[{"href":"https:\/\/www.diarioimagen.net\/index.php?rest_route=\/wp\/v2\/media"}],"about":[{"href":"https:\/\/www.diarioimagen.net\/index.php?rest_route=\/wp\/v2\/types\/attachment"}],"author":[{"embeddable":true,"href":"https:\/\/www.diarioimagen.net\/index.php?rest_route=\/wp\/v2\/users\/3"}],"replies":[{"embeddable":true,"href":"https:\/\/www.diarioimagen.net\/index.php?rest_route=%2Fwp%2Fv2%2Fcomments&post=575095"}]}}

<p>Durante el periodo primavera 2023, la UAEMéx recibió a 46 estudiantes, 36 internacionales y 10 nacionales que estarán cursando estudios en 25 programas de estudio en 16 espacios académicos.</p>
