{"id":575223,"date":"2023-02-22T02:46:08","date_gmt":"2023-02-22T08:46:08","guid":{"rendered":"https:\/\/www.diarioimagen.net\/wp-content\/uploads\/2023\/02\/importante-organizaciones.jpg"},"modified":"2023-02-22T02:46:15","modified_gmt":"2023-02-22T08:46:15","slug":"importante-organizaciones","status":"inherit","type":"attachment","link":"https:\/\/www.diarioimagen.net\/?attachment_id=575223","title":{"rendered":"importante-organizaciones"},"author":3,"featured_media":0,"comment_status":"open","ping_status":"closed","template":"","meta":{"_monsterinsights_skip_tracking":false,"_monsterinsights_sitenote_active":false,"_monsterinsights_sitenote_note":"","_monsterinsights_sitenote_category":0},"class_list":["post-575223","attachment","type-attachment","status-inherit","hentry"],"description":{"rendered":"<p class=\"attachment\"><a href='https:\/\/www.diarioimagen.net\/wp-content\/uploads\/2023\/02\/importante-organizaciones.jpg'><img loading=\"lazy\" decoding=\"async\" width=\"240\" height=\"141\" src=\"https:\/\/www.diarioimagen.net\/wp-content\/uploads\/2023\/02\/importante-organizaciones.jpg\" class=\"attachment-medium size-medium\" alt=\"\" \/><\/a><\/p>\n"},"caption":{"rendered":"<p>\u00a0Tom\u00e1s Palomares Parra, secretario general del SUTEyM, secci\u00f3n Naucalpan, destac\u00f3 la importancia de colectivos como el Proyecto 200, UNAMOS.<\/p>\n"},"alt_text":"","media_type":"image","mime_type":"image\/jpeg","media_details":{"width":460,"height":270,"file":"2023\/02\/importante-organizaciones.jpg","filesize":53595,"sizes":{},"image_meta":{"aperture":"0","credit":"","camera":"","caption":"","created_timestamp":"0","copyright":"","focal_length":"0","iso":"0","shutter_speed":"0","title":"","orientation":"0","keywords":[]}},"post":575144,"source_url":"https:\/\/www.diarioimagen.net\/wp-content\/uploads\/2023\/02\/importante-organizaciones.jpg","_links":{"self":[{"href":"https:\/\/www.diarioimagen.net\/index.php?rest_route=\/wp\/v2\/media\/575223","targetHints":{"allow":["GET"]}}],"collection":[{"href":"https:\/\/www.diarioimagen.net\/index.php?rest_route=\/wp\/v2\/media"}],"about":[{"href":"https:\/\/www.diarioimagen.net\/index.php?rest_route=\/wp\/v2\/types\/attachment"}],"author":[{"embeddable":true,"href":"https:\/\/www.diarioimagen.net\/index.php?rest_route=\/wp\/v2\/users\/3"}],"replies":[{"embeddable":true,"href":"https:\/\/www.diarioimagen.net\/index.php?rest_route=%2Fwp%2Fv2%2Fcomments&post=575223"}]}}

<p> Tomás Palomares Parra, secretario general del SUTEyM, sección Naucalpan, destacó la importancia de colectivos como el Proyecto 200, UNAMOS.</p>
