{"id":575643,"date":"2023-02-27T02:31:33","date_gmt":"2023-02-27T08:31:33","guid":{"rendered":"https:\/\/www.diarioimagen.net\/wp-content\/uploads\/2023\/02\/mara-amlo.jpg"},"modified":"2023-02-27T02:31:44","modified_gmt":"2023-02-27T08:31:44","slug":"mara-amlo","status":"inherit","type":"attachment","link":"https:\/\/www.diarioimagen.net\/?attachment_id=575643","title":{"rendered":"mara-amlo"},"author":3,"featured_media":0,"comment_status":"open","ping_status":"closed","template":"","meta":{"_monsterinsights_skip_tracking":false,"_monsterinsights_sitenote_active":false,"_monsterinsights_sitenote_note":"","_monsterinsights_sitenote_category":0},"class_list":["post-575643","attachment","type-attachment","status-inherit","hentry"],"description":{"rendered":"<p class=\"attachment\"><a href='https:\/\/www.diarioimagen.net\/wp-content\/uploads\/2023\/02\/mara-amlo.jpg'><img loading=\"lazy\" decoding=\"async\" width=\"240\" height=\"141\" src=\"https:\/\/www.diarioimagen.net\/wp-content\/uploads\/2023\/02\/mara-amlo.jpg\" class=\"attachment-medium size-medium\" alt=\"\" \/><\/a><\/p>\n"},"caption":{"rendered":"<p>El presidente Andr\u00e9s Manuel L\u00f3pez Obrador y la gobernadora Mara Lezama supervisaron avances del Tren Maya en Quintana Roo, que incluy\u00f3 \u00e1reas de la reserva ecol\u00f3gica del Jaguar y del aeropuerto Internacional Felipe Carrillo Puerto.<\/p>\n"},"alt_text":"","media_type":"image","mime_type":"image\/jpeg","media_details":{"width":460,"height":270,"file":"2023\/02\/mara-amlo.jpg","filesize":64632,"sizes":{},"image_meta":{"aperture":"0","credit":"","camera":"","caption":"","created_timestamp":"0","copyright":"","focal_length":"0","iso":"0","shutter_speed":"0","title":"","orientation":"0","keywords":[]}},"post":575616,"source_url":"https:\/\/www.diarioimagen.net\/wp-content\/uploads\/2023\/02\/mara-amlo.jpg","_links":{"self":[{"href":"https:\/\/www.diarioimagen.net\/index.php?rest_route=\/wp\/v2\/media\/575643","targetHints":{"allow":["GET"]}}],"collection":[{"href":"https:\/\/www.diarioimagen.net\/index.php?rest_route=\/wp\/v2\/media"}],"about":[{"href":"https:\/\/www.diarioimagen.net\/index.php?rest_route=\/wp\/v2\/types\/attachment"}],"author":[{"embeddable":true,"href":"https:\/\/www.diarioimagen.net\/index.php?rest_route=\/wp\/v2\/users\/3"}],"replies":[{"embeddable":true,"href":"https:\/\/www.diarioimagen.net\/index.php?rest_route=%2Fwp%2Fv2%2Fcomments&post=575643"}]}}

<p>El presidente Andrés Manuel López Obrador y la gobernadora Mara Lezama supervisaron avances del Tren Maya en Quintana Roo, que incluyó áreas de la reserva ecológica del Jaguar y del aeropuerto Internacional Felipe Carrillo Puerto.</p>
