{"id":575646,"date":"2023-02-27T02:33:28","date_gmt":"2023-02-27T08:33:28","guid":{"rendered":"https:\/\/www.diarioimagen.net\/wp-content\/uploads\/2023\/02\/TREN01-13.jpg"},"modified":"2023-02-27T02:33:33","modified_gmt":"2023-02-27T08:33:33","slug":"tren01-59","status":"inherit","type":"attachment","link":"https:\/\/www.diarioimagen.net\/?attachment_id=575646","title":{"rendered":"TREN01"},"author":3,"featured_media":0,"comment_status":"open","ping_status":"closed","template":"","meta":{"_monsterinsights_skip_tracking":false,"_monsterinsights_sitenote_active":false,"_monsterinsights_sitenote_note":"","_monsterinsights_sitenote_category":0},"class_list":["post-575646","attachment","type-attachment","status-inherit","hentry"],"description":{"rendered":"<p class=\"attachment\"><a href='https:\/\/www.diarioimagen.net\/wp-content\/uploads\/2023\/02\/TREN01-13.jpg'><img loading=\"lazy\" decoding=\"async\" width=\"240\" height=\"141\" src=\"https:\/\/www.diarioimagen.net\/wp-content\/uploads\/2023\/02\/TREN01-13.jpg\" class=\"attachment-medium size-medium\" alt=\"\" \/><\/a><\/p>\n"},"caption":{"rendered":"<p>El gobierno de la Rep\u00fablica expropi\u00f3 otros 23 inmuebles en Quintana Roo para la continuaci\u00f3n de las obras en el Tramo 6 del Tren Maya.<\/p>\n"},"alt_text":"","media_type":"image","mime_type":"image\/jpeg","media_details":{"width":460,"height":270,"file":"2023\/02\/TREN01-13.jpg","filesize":94012,"sizes":{},"image_meta":{"aperture":"0","credit":"","camera":"","caption":"","created_timestamp":"0","copyright":"","focal_length":"0","iso":"0","shutter_speed":"0","title":"","orientation":"0","keywords":[]}},"post":575608,"source_url":"https:\/\/www.diarioimagen.net\/wp-content\/uploads\/2023\/02\/TREN01-13.jpg","_links":{"self":[{"href":"https:\/\/www.diarioimagen.net\/index.php?rest_route=\/wp\/v2\/media\/575646","targetHints":{"allow":["GET"]}}],"collection":[{"href":"https:\/\/www.diarioimagen.net\/index.php?rest_route=\/wp\/v2\/media"}],"about":[{"href":"https:\/\/www.diarioimagen.net\/index.php?rest_route=\/wp\/v2\/types\/attachment"}],"author":[{"embeddable":true,"href":"https:\/\/www.diarioimagen.net\/index.php?rest_route=\/wp\/v2\/users\/3"}],"replies":[{"embeddable":true,"href":"https:\/\/www.diarioimagen.net\/index.php?rest_route=%2Fwp%2Fv2%2Fcomments&post=575646"}]}}

<p>El gobierno de la República expropió otros 23 inmuebles en Quintana Roo para la continuación de las obras en el Tramo 6 del Tren Maya.</p>
