{"id":576102,"date":"2023-03-02T02:08:49","date_gmt":"2023-03-02T08:08:49","guid":{"rendered":"https:\/\/www.diarioimagen.net\/wp-content\/uploads\/2023\/03\/uaem-feria-del-libro.jpg"},"modified":"2023-03-02T02:08:55","modified_gmt":"2023-03-02T08:08:55","slug":"uaem-feria-del-libro","status":"inherit","type":"attachment","link":"https:\/\/www.diarioimagen.net\/?attachment_id=576102","title":{"rendered":"uaem-feria-del-libro"},"author":3,"featured_media":0,"comment_status":"open","ping_status":"closed","template":"","meta":{"_monsterinsights_skip_tracking":false,"_monsterinsights_sitenote_active":false,"_monsterinsights_sitenote_note":"","_monsterinsights_sitenote_category":0},"class_list":["post-576102","attachment","type-attachment","status-inherit","hentry"],"description":{"rendered":"<p class=\"attachment\"><a href='https:\/\/www.diarioimagen.net\/wp-content\/uploads\/2023\/03\/uaem-feria-del-libro.jpg'><img loading=\"lazy\" decoding=\"async\" width=\"240\" height=\"141\" src=\"https:\/\/www.diarioimagen.net\/wp-content\/uploads\/2023\/03\/uaem-feria-del-libro.jpg\" class=\"attachment-medium size-medium\" alt=\"\" \/><\/a><\/p>\n"},"caption":{"rendered":"<p>Desde el 23 de febrero y hasta el 6 de marzo, la UAEM\u00e9x est\u00e1 presente en la Feria Internacional del Libro del Palacio de Miner\u00eda, con el objetivo de acercar el acervo literario auriverde al p\u00fablico en general.<\/p>\n"},"alt_text":"","media_type":"image","mime_type":"image\/jpeg","media_details":{"width":460,"height":270,"file":"2023\/03\/uaem-feria-del-libro.jpg","filesize":61777,"sizes":{},"image_meta":{"aperture":"0","credit":"","camera":"","caption":"","created_timestamp":"0","copyright":"","focal_length":"0","iso":"0","shutter_speed":"0","title":"","orientation":"0","keywords":[]}},"post":576011,"source_url":"https:\/\/www.diarioimagen.net\/wp-content\/uploads\/2023\/03\/uaem-feria-del-libro.jpg","_links":{"self":[{"href":"https:\/\/www.diarioimagen.net\/index.php?rest_route=\/wp\/v2\/media\/576102","targetHints":{"allow":["GET"]}}],"collection":[{"href":"https:\/\/www.diarioimagen.net\/index.php?rest_route=\/wp\/v2\/media"}],"about":[{"href":"https:\/\/www.diarioimagen.net\/index.php?rest_route=\/wp\/v2\/types\/attachment"}],"author":[{"embeddable":true,"href":"https:\/\/www.diarioimagen.net\/index.php?rest_route=\/wp\/v2\/users\/3"}],"replies":[{"embeddable":true,"href":"https:\/\/www.diarioimagen.net\/index.php?rest_route=%2Fwp%2Fv2%2Fcomments&post=576102"}]}}

<p>Desde el 23 de febrero y hasta el 6 de marzo, la UAEMéx está presente en la Feria Internacional del Libro del Palacio de Minería, con el objetivo de acercar el acervo literario auriverde al público en general.</p>
