{"id":576256,"date":"2023-03-03T03:31:25","date_gmt":"2023-03-03T09:31:25","guid":{"rendered":"https:\/\/www.diarioimagen.net\/wp-content\/uploads\/2023\/03\/higinio-martinez.jpg"},"modified":"2023-03-03T03:31:30","modified_gmt":"2023-03-03T09:31:30","slug":"higinio-martinez","status":"inherit","type":"attachment","link":"https:\/\/www.diarioimagen.net\/?attachment_id=576256","title":{"rendered":"higinio-martinez"},"author":3,"featured_media":0,"comment_status":"open","ping_status":"closed","template":"","meta":{"_monsterinsights_skip_tracking":false,"_monsterinsights_sitenote_active":false,"_monsterinsights_sitenote_note":"","_monsterinsights_sitenote_category":0},"class_list":["post-576256","attachment","type-attachment","status-inherit","hentry"],"description":{"rendered":"<p class=\"attachment\"><a href='https:\/\/www.diarioimagen.net\/wp-content\/uploads\/2023\/03\/higinio-martinez.jpg'><img loading=\"lazy\" decoding=\"async\" width=\"240\" height=\"141\" src=\"https:\/\/www.diarioimagen.net\/wp-content\/uploads\/2023\/03\/higinio-martinez.jpg\" class=\"attachment-medium size-medium\" alt=\"\" \/><\/a><\/p>\n"},"caption":{"rendered":"<p>El senador Higinio Mart\u00ednez Miranda solicit\u00f3 licencia indefinida al cargo para incorporarse de lleno a las tareas de campa\u00f1a de Delfina G\u00f3mez.<\/p>\n"},"alt_text":"","media_type":"image","mime_type":"image\/jpeg","media_details":{"width":460,"height":270,"file":"2023\/03\/higinio-martinez.jpg","filesize":30750,"sizes":{},"image_meta":{"aperture":"0","credit":"","camera":"","caption":"","created_timestamp":"0","copyright":"","focal_length":"0","iso":"0","shutter_speed":"0","title":"","orientation":"0","keywords":[]}},"post":576156,"source_url":"https:\/\/www.diarioimagen.net\/wp-content\/uploads\/2023\/03\/higinio-martinez.jpg","_links":{"self":[{"href":"https:\/\/www.diarioimagen.net\/index.php?rest_route=\/wp\/v2\/media\/576256","targetHints":{"allow":["GET"]}}],"collection":[{"href":"https:\/\/www.diarioimagen.net\/index.php?rest_route=\/wp\/v2\/media"}],"about":[{"href":"https:\/\/www.diarioimagen.net\/index.php?rest_route=\/wp\/v2\/types\/attachment"}],"author":[{"embeddable":true,"href":"https:\/\/www.diarioimagen.net\/index.php?rest_route=\/wp\/v2\/users\/3"}],"replies":[{"embeddable":true,"href":"https:\/\/www.diarioimagen.net\/index.php?rest_route=%2Fwp%2Fv2%2Fcomments&post=576256"}]}}

<p>El senador Higinio Martínez Miranda solicitó licencia indefinida al cargo para incorporarse de lleno a las tareas de campaña de Delfina Gómez.</p>
