{"id":576421,"date":"2023-03-06T01:23:47","date_gmt":"2023-03-06T07:23:47","guid":{"rendered":"https:\/\/www.diarioimagen.net\/wp-content\/uploads\/2023\/03\/empresarios-sociedad.jpg"},"modified":"2023-03-06T01:23:53","modified_gmt":"2023-03-06T07:23:53","slug":"empresarios-sociedad","status":"inherit","type":"attachment","link":"https:\/\/www.diarioimagen.net\/?attachment_id=576421","title":{"rendered":"empresarios-sociedad"},"author":3,"featured_media":0,"comment_status":"open","ping_status":"closed","template":"","meta":{"_monsterinsights_skip_tracking":false,"_monsterinsights_sitenote_active":false,"_monsterinsights_sitenote_note":"","_monsterinsights_sitenote_category":0},"class_list":["post-576421","attachment","type-attachment","status-inherit","hentry"],"description":{"rendered":"<p class=\"attachment\"><a href='https:\/\/www.diarioimagen.net\/wp-content\/uploads\/2023\/03\/empresarios-sociedad.jpg'><img loading=\"lazy\" decoding=\"async\" width=\"240\" height=\"141\" src=\"https:\/\/www.diarioimagen.net\/wp-content\/uploads\/2023\/03\/empresarios-sociedad.jpg\" class=\"attachment-medium size-medium\" alt=\"\" \/><\/a><\/p>\n"},"caption":{"rendered":"<p>Durante la s\u00e9ptima sesi\u00f3n del Consejo Municipal de Seguridad P\u00fablica, encabezada por la alcaldesa Ang\u00e9lica Moya Mar\u00edn, se reconoceiron avances en seguridad p\u00fablica.<\/p>\n"},"alt_text":"","media_type":"image","mime_type":"image\/jpeg","media_details":{"width":460,"height":270,"file":"2023\/03\/empresarios-sociedad.jpg","filesize":75045,"sizes":{},"image_meta":{"aperture":"0","credit":"","camera":"","caption":"","created_timestamp":"0","copyright":"","focal_length":"0","iso":"0","shutter_speed":"0","title":"","orientation":"0","keywords":[]}},"post":576324,"source_url":"https:\/\/www.diarioimagen.net\/wp-content\/uploads\/2023\/03\/empresarios-sociedad.jpg","_links":{"self":[{"href":"https:\/\/www.diarioimagen.net\/index.php?rest_route=\/wp\/v2\/media\/576421","targetHints":{"allow":["GET"]}}],"collection":[{"href":"https:\/\/www.diarioimagen.net\/index.php?rest_route=\/wp\/v2\/media"}],"about":[{"href":"https:\/\/www.diarioimagen.net\/index.php?rest_route=\/wp\/v2\/types\/attachment"}],"author":[{"embeddable":true,"href":"https:\/\/www.diarioimagen.net\/index.php?rest_route=\/wp\/v2\/users\/3"}],"replies":[{"embeddable":true,"href":"https:\/\/www.diarioimagen.net\/index.php?rest_route=%2Fwp%2Fv2%2Fcomments&post=576421"}]}}

<p>Durante la séptima sesión del Consejo Municipal de Seguridad Pública, encabezada por la alcaldesa Angélica Moya Marín, se reconoceiron avances en seguridad pública.</p>
