{"id":576880,"date":"2023-03-09T02:04:14","date_gmt":"2023-03-09T08:04:14","guid":{"rendered":"https:\/\/www.diarioimagen.net\/wp-content\/uploads\/2023\/03\/uaem-liliana.jpg"},"modified":"2023-03-09T02:04:19","modified_gmt":"2023-03-09T08:04:19","slug":"uaem-liliana","status":"inherit","type":"attachment","link":"https:\/\/www.diarioimagen.net\/?attachment_id=576880","title":{"rendered":"uaem-liliana"},"author":3,"featured_media":0,"comment_status":"open","ping_status":"closed","template":"","meta":{"_monsterinsights_skip_tracking":false,"_monsterinsights_sitenote_active":false,"_monsterinsights_sitenote_note":"","_monsterinsights_sitenote_category":0},"class_list":["post-576880","attachment","type-attachment","status-inherit","hentry"],"description":{"rendered":"<p class=\"attachment\"><a href='https:\/\/www.diarioimagen.net\/wp-content\/uploads\/2023\/03\/uaem-liliana.jpg'><img loading=\"lazy\" decoding=\"async\" width=\"240\" height=\"141\" src=\"https:\/\/www.diarioimagen.net\/wp-content\/uploads\/2023\/03\/uaem-liliana.jpg\" class=\"attachment-medium size-medium\" alt=\"\" \/><\/a><\/p>\n"},"caption":{"rendered":"<p>La investigadora universitaria reconoci\u00f3 que el consumo de energ\u00eda el\u00e9ctrica producida por combustibles f\u00f3siles apunta a un problema ambiental, econ\u00f3mico y social con desenlace catastr\u00f3fico.<\/p>\n"},"alt_text":"","media_type":"image","mime_type":"image\/jpeg","media_details":{"width":460,"height":270,"file":"2023\/03\/uaem-liliana.jpg","filesize":39057,"sizes":{},"image_meta":{"aperture":"0","credit":"","camera":"","caption":"","created_timestamp":"0","copyright":"","focal_length":"0","iso":"0","shutter_speed":"0","title":"","orientation":"0","keywords":[]}},"post":576810,"source_url":"https:\/\/www.diarioimagen.net\/wp-content\/uploads\/2023\/03\/uaem-liliana.jpg","_links":{"self":[{"href":"https:\/\/www.diarioimagen.net\/index.php?rest_route=\/wp\/v2\/media\/576880","targetHints":{"allow":["GET"]}}],"collection":[{"href":"https:\/\/www.diarioimagen.net\/index.php?rest_route=\/wp\/v2\/media"}],"about":[{"href":"https:\/\/www.diarioimagen.net\/index.php?rest_route=\/wp\/v2\/types\/attachment"}],"author":[{"embeddable":true,"href":"https:\/\/www.diarioimagen.net\/index.php?rest_route=\/wp\/v2\/users\/3"}],"replies":[{"embeddable":true,"href":"https:\/\/www.diarioimagen.net\/index.php?rest_route=%2Fwp%2Fv2%2Fcomments&post=576880"}]}}

<p>La investigadora universitaria reconoció que el consumo de energía eléctrica producida por combustibles fósiles apunta a un problema ambiental, económico y social con desenlace catastrófico.</p>
