{"id":577630,"date":"2023-03-15T03:03:19","date_gmt":"2023-03-15T09:03:19","guid":{"rendered":"https:\/\/www.diarioimagen.net\/wp-content\/uploads\/2023\/03\/intocable-1.jpg"},"modified":"2023-03-15T03:03:25","modified_gmt":"2023-03-15T09:03:25","slug":"intocable-1","status":"inherit","type":"attachment","link":"https:\/\/www.diarioimagen.net\/?attachment_id=577630","title":{"rendered":"intocable-1"},"author":3,"featured_media":0,"comment_status":"open","ping_status":"closed","template":"","meta":{"_monsterinsights_skip_tracking":false,"_monsterinsights_sitenote_active":false,"_monsterinsights_sitenote_note":"","_monsterinsights_sitenote_category":0},"class_list":["post-577630","attachment","type-attachment","status-inherit","hentry"],"description":{"rendered":"<p class=\"attachment\"><a href='https:\/\/www.diarioimagen.net\/wp-content\/uploads\/2023\/03\/intocable-1.jpg'><img loading=\"lazy\" decoding=\"async\" width=\"240\" height=\"141\" src=\"https:\/\/www.diarioimagen.net\/wp-content\/uploads\/2023\/03\/intocable-1.jpg\" class=\"attachment-medium size-medium\" alt=\"\" \/><\/a><\/p>\n"},"caption":{"rendered":"<p>El recital alcanz\u00f3 demencial \u00e9xtasis en \u201c\u00bfY todo para qu\u00e9?\u201d, coreada a todo pulm\u00f3n. (Foto: Jos\u00e9 Jorge Carre\u00f3n\/Ocesa).<\/p>\n"},"alt_text":"","media_type":"image","mime_type":"image\/jpeg","media_details":{"width":460,"height":270,"file":"2023\/03\/intocable-1.jpg","filesize":69148,"sizes":{},"image_meta":{"aperture":"0","credit":"","camera":"","caption":"","created_timestamp":"0","copyright":"\u00a9 Jos\u00e9 Jorge Carre\u00f3n","focal_length":"0","iso":"0","shutter_speed":"0","title":"","orientation":"0","keywords":[]}},"post":577550,"source_url":"https:\/\/www.diarioimagen.net\/wp-content\/uploads\/2023\/03\/intocable-1.jpg","_links":{"self":[{"href":"https:\/\/www.diarioimagen.net\/index.php?rest_route=\/wp\/v2\/media\/577630","targetHints":{"allow":["GET"]}}],"collection":[{"href":"https:\/\/www.diarioimagen.net\/index.php?rest_route=\/wp\/v2\/media"}],"about":[{"href":"https:\/\/www.diarioimagen.net\/index.php?rest_route=\/wp\/v2\/types\/attachment"}],"author":[{"embeddable":true,"href":"https:\/\/www.diarioimagen.net\/index.php?rest_route=\/wp\/v2\/users\/3"}],"replies":[{"embeddable":true,"href":"https:\/\/www.diarioimagen.net\/index.php?rest_route=%2Fwp%2Fv2%2Fcomments&post=577630"}]}}

<p>El recital alcanzó demencial éxtasis en “¿Y todo para qué?”, coreada a todo pulmón. (Foto: José Jorge Carreón/Ocesa).</p>

© José Jorge Carreón
