{"id":577865,"date":"2023-03-17T01:27:23","date_gmt":"2023-03-17T07:27:23","guid":{"rendered":"https:\/\/www.diarioimagen.net\/wp-content\/uploads\/2023\/03\/uaem-fortalece.jpg"},"modified":"2023-03-17T01:27:28","modified_gmt":"2023-03-17T07:27:28","slug":"uaem-fortalece","status":"inherit","type":"attachment","link":"https:\/\/www.diarioimagen.net\/?attachment_id=577865","title":{"rendered":"uaem-fortalece"},"author":3,"featured_media":0,"comment_status":"open","ping_status":"closed","template":"","meta":{"_monsterinsights_skip_tracking":false,"_monsterinsights_sitenote_active":false,"_monsterinsights_sitenote_note":"","_monsterinsights_sitenote_category":0},"class_list":["post-577865","attachment","type-attachment","status-inherit","hentry"],"description":{"rendered":"<p class=\"attachment\"><a href='https:\/\/www.diarioimagen.net\/wp-content\/uploads\/2023\/03\/uaem-fortalece.jpg'><img loading=\"lazy\" decoding=\"async\" width=\"240\" height=\"141\" src=\"https:\/\/www.diarioimagen.net\/wp-content\/uploads\/2023\/03\/uaem-fortalece.jpg\" class=\"attachment-medium size-medium\" alt=\"\" \/><\/a><\/p>\n"},"caption":{"rendered":"<p>Durante 2022 se llev\u00f3 a cabo la construcci\u00f3n de 83 obras de infraestructura en los niveles medio superior y superior para el uso acad\u00e9mico y administrativo, en beneficio de 69 mil 640 alumnos.<\/p>\n"},"alt_text":"","media_type":"image","mime_type":"image\/jpeg","media_details":{"width":460,"height":270,"file":"2023\/03\/uaem-fortalece.jpg","filesize":71718,"sizes":{},"image_meta":{"aperture":"0","credit":"","camera":"","caption":"","created_timestamp":"0","copyright":"","focal_length":"0","iso":"0","shutter_speed":"0","title":"","orientation":"0","keywords":[]}},"post":577808,"source_url":"https:\/\/www.diarioimagen.net\/wp-content\/uploads\/2023\/03\/uaem-fortalece.jpg","_links":{"self":[{"href":"https:\/\/www.diarioimagen.net\/index.php?rest_route=\/wp\/v2\/media\/577865","targetHints":{"allow":["GET"]}}],"collection":[{"href":"https:\/\/www.diarioimagen.net\/index.php?rest_route=\/wp\/v2\/media"}],"about":[{"href":"https:\/\/www.diarioimagen.net\/index.php?rest_route=\/wp\/v2\/types\/attachment"}],"author":[{"embeddable":true,"href":"https:\/\/www.diarioimagen.net\/index.php?rest_route=\/wp\/v2\/users\/3"}],"replies":[{"embeddable":true,"href":"https:\/\/www.diarioimagen.net\/index.php?rest_route=%2Fwp%2Fv2%2Fcomments&post=577865"}]}}

<p>Durante 2022 se llevó a cabo la construcción de 83 obras de infraestructura en los niveles medio superior y superior para el uso académico y administrativo, en beneficio de 69 mil 640 alumnos.</p>
