{"id":577885,"date":"2023-03-17T02:16:04","date_gmt":"2023-03-17T08:16:04","guid":{"rendered":"https:\/\/www.diarioimagen.net\/wp-content\/uploads\/2023\/03\/ciudadanos-naucalpenses.jpg"},"modified":"2023-03-17T02:16:09","modified_gmt":"2023-03-17T08:16:09","slug":"ciudadanos-naucalpenses","status":"inherit","type":"attachment","link":"https:\/\/www.diarioimagen.net\/?attachment_id=577885","title":{"rendered":"ciudadanos-naucalpenses"},"author":3,"featured_media":0,"comment_status":"open","ping_status":"closed","template":"","meta":{"_monsterinsights_skip_tracking":false,"_monsterinsights_sitenote_active":false,"_monsterinsights_sitenote_note":"","_monsterinsights_sitenote_category":0},"class_list":["post-577885","attachment","type-attachment","status-inherit","hentry"],"description":{"rendered":"<p class=\"attachment\"><a href='https:\/\/www.diarioimagen.net\/wp-content\/uploads\/2023\/03\/ciudadanos-naucalpenses.jpg'><img loading=\"lazy\" decoding=\"async\" width=\"240\" height=\"141\" src=\"https:\/\/www.diarioimagen.net\/wp-content\/uploads\/2023\/03\/ciudadanos-naucalpenses.jpg\" class=\"attachment-medium size-medium\" alt=\"\" \/><\/a><\/p>\n"},"caption":{"rendered":"<p>La alcaldesa Ang\u00e9lica Moya Mar\u00edn, se\u00f1al\u00f3 que el programa\u00a0 \u201cCaravanas por la Justicia Cotidiana\u201d, estar\u00e1 disponible hasta este 19 de marzo.<\/p>\n"},"alt_text":"","media_type":"image","mime_type":"image\/jpeg","media_details":{"width":460,"height":270,"file":"2023\/03\/ciudadanos-naucalpenses.jpg","filesize":42730,"sizes":{},"image_meta":{"aperture":"0","credit":"","camera":"","caption":"","created_timestamp":"0","copyright":"","focal_length":"0","iso":"0","shutter_speed":"0","title":"","orientation":"0","keywords":[]}},"post":577817,"source_url":"https:\/\/www.diarioimagen.net\/wp-content\/uploads\/2023\/03\/ciudadanos-naucalpenses.jpg","_links":{"self":[{"href":"https:\/\/www.diarioimagen.net\/index.php?rest_route=\/wp\/v2\/media\/577885","targetHints":{"allow":["GET"]}}],"collection":[{"href":"https:\/\/www.diarioimagen.net\/index.php?rest_route=\/wp\/v2\/media"}],"about":[{"href":"https:\/\/www.diarioimagen.net\/index.php?rest_route=\/wp\/v2\/types\/attachment"}],"author":[{"embeddable":true,"href":"https:\/\/www.diarioimagen.net\/index.php?rest_route=\/wp\/v2\/users\/3"}],"replies":[{"embeddable":true,"href":"https:\/\/www.diarioimagen.net\/index.php?rest_route=%2Fwp%2Fv2%2Fcomments&post=577885"}]}}

<p>La alcaldesa Angélica Moya Marín, señaló que el programa  “Caravanas por la Justicia Cotidiana”, estará disponible hasta este 19 de marzo.</p>
