{"id":578537,"date":"2023-03-23T01:22:42","date_gmt":"2023-03-23T07:22:42","guid":{"rendered":"https:\/\/www.diarioimagen.net\/wp-content\/uploads\/2023\/03\/LIBRO-MARIANO.jpg"},"modified":"2023-03-23T01:22:48","modified_gmt":"2023-03-23T07:22:48","slug":"libro-mariano","status":"inherit","type":"attachment","link":"https:\/\/www.diarioimagen.net\/?attachment_id=578537","title":{"rendered":"LIBRO-MARIANO"},"author":3,"featured_media":0,"comment_status":"open","ping_status":"closed","template":"","meta":{"_monsterinsights_skip_tracking":false},"class_list":["post-578537","attachment","type-attachment","status-inherit","hentry"],"description":{"rendered":"<p class=\"attachment\"><a href='https:\/\/www.diarioimagen.net\/wp-content\/uploads\/2023\/03\/LIBRO-MARIANO.jpg'><img loading=\"lazy\" decoding=\"async\" width=\"180\" height=\"240\" src=\"https:\/\/www.diarioimagen.net\/wp-content\/uploads\/2023\/03\/LIBRO-MARIANO.jpg\" class=\"attachment-medium size-medium\" alt=\"\" \/><\/a><\/p>\n"},"caption":{"rendered":"<p>En este libro, Sigman destac\u00f3 el papel de la conversaci\u00f3n como la f\u00e1brica de ideas m\u00e1s extraordinaria para el desarrollo personal. (Foto: Asael Grande).<\/p>\n"},"alt_text":"","media_type":"image","mime_type":"image\/jpeg","media_details":{"width":460,"height":613,"file":"2023\/03\/LIBRO-MARIANO.jpg","filesize":75421,"sizes":{},"image_meta":{"aperture":"0","credit":"","camera":"","caption":"","created_timestamp":"0","copyright":"","focal_length":"0","iso":"0","shutter_speed":"0","title":"","orientation":"0","keywords":[]}},"post":578474,"source_url":"https:\/\/www.diarioimagen.net\/wp-content\/uploads\/2023\/03\/LIBRO-MARIANO.jpg","_links":{"self":[{"href":"https:\/\/www.diarioimagen.net\/index.php?rest_route=\/wp\/v2\/media\/578537","targetHints":{"allow":["GET"]}}],"collection":[{"href":"https:\/\/www.diarioimagen.net\/index.php?rest_route=\/wp\/v2\/media"}],"about":[{"href":"https:\/\/www.diarioimagen.net\/index.php?rest_route=\/wp\/v2\/types\/attachment"}],"author":[{"embeddable":true,"href":"https:\/\/www.diarioimagen.net\/index.php?rest_route=\/wp\/v2\/users\/3"}],"replies":[{"embeddable":true,"href":"https:\/\/www.diarioimagen.net\/index.php?rest_route=%2Fwp%2Fv2%2Fcomments&post=578537"}]}}

<p>En este libro, Sigman destacó el papel de la conversación como la fábrica de ideas más extraordinaria para el desarrollo personal. (Foto: Asael Grande).</p>
