{"id":578551,"date":"2023-03-23T01:31:48","date_gmt":"2023-03-23T07:31:48","guid":{"rendered":"https:\/\/www.diarioimagen.net\/wp-content\/uploads\/2023\/03\/FAMOSO01.jpg"},"modified":"2023-03-23T01:31:54","modified_gmt":"2023-03-23T07:31:54","slug":"famoso01","status":"inherit","type":"attachment","link":"https:\/\/www.diarioimagen.net\/?attachment_id=578551","title":{"rendered":"FAMOSO01"},"author":3,"featured_media":0,"comment_status":"open","ping_status":"closed","template":"","meta":{"_monsterinsights_skip_tracking":false,"_monsterinsights_sitenote_active":false,"_monsterinsights_sitenote_note":"","_monsterinsights_sitenote_category":0},"class_list":["post-578551","attachment","type-attachment","status-inherit","hentry"],"description":{"rendered":"<p class=\"attachment\"><a href='https:\/\/www.diarioimagen.net\/wp-content\/uploads\/2023\/03\/FAMOSO01.jpg'><img loading=\"lazy\" decoding=\"async\" width=\"240\" height=\"141\" src=\"https:\/\/www.diarioimagen.net\/wp-content\/uploads\/2023\/03\/FAMOSO01.jpg\" class=\"attachment-medium size-medium\" alt=\"\" \/><\/a><\/p>\n"},"caption":{"rendered":"<p>\u201cMi famoso y yo\u201d, conducido por Adal Ramones y Alejandra Espinoza, se coloc\u00f3 como la emisi\u00f3n m\u00e1s vista en la televisi\u00f3n abierta.<\/p>\n"},"alt_text":"","media_type":"image","mime_type":"image\/jpeg","media_details":{"width":460,"height":270,"file":"2023\/03\/FAMOSO01.jpg","filesize":35747,"sizes":{},"image_meta":{"aperture":"0","credit":"","camera":"","caption":"","created_timestamp":"0","copyright":"","focal_length":"0","iso":"0","shutter_speed":"0","title":"","orientation":"0","keywords":[]}},"post":578466,"source_url":"https:\/\/www.diarioimagen.net\/wp-content\/uploads\/2023\/03\/FAMOSO01.jpg","_links":{"self":[{"href":"https:\/\/www.diarioimagen.net\/index.php?rest_route=\/wp\/v2\/media\/578551","targetHints":{"allow":["GET"]}}],"collection":[{"href":"https:\/\/www.diarioimagen.net\/index.php?rest_route=\/wp\/v2\/media"}],"about":[{"href":"https:\/\/www.diarioimagen.net\/index.php?rest_route=\/wp\/v2\/types\/attachment"}],"author":[{"embeddable":true,"href":"https:\/\/www.diarioimagen.net\/index.php?rest_route=\/wp\/v2\/users\/3"}],"replies":[{"embeddable":true,"href":"https:\/\/www.diarioimagen.net\/index.php?rest_route=%2Fwp%2Fv2%2Fcomments&post=578551"}]}}

<p>“Mi famoso y yo”, conducido por Adal Ramones y Alejandra Espinoza, se colocó como la emisión más vista en la televisión abierta.</p>
