{"id":578688,"date":"2023-03-24T02:47:54","date_gmt":"2023-03-24T08:47:54","guid":{"rendered":"https:\/\/www.diarioimagen.net\/wp-content\/uploads\/2023\/03\/Derecho-9.jpg"},"modified":"2023-03-24T02:47:59","modified_gmt":"2023-03-24T08:47:59","slug":"derecho-617","status":"inherit","type":"attachment","link":"https:\/\/www.diarioimagen.net\/?attachment_id=578688","title":{"rendered":"Derecho"},"author":3,"featured_media":0,"comment_status":"open","ping_status":"closed","template":"","meta":{"_monsterinsights_skip_tracking":false,"_monsterinsights_sitenote_active":false,"_monsterinsights_sitenote_note":"","_monsterinsights_sitenote_category":0},"class_list":["post-578688","attachment","type-attachment","status-inherit","hentry"],"description":{"rendered":"<p class=\"attachment\"><a href='https:\/\/www.diarioimagen.net\/wp-content\/uploads\/2023\/03\/Derecho-9.jpg'><img loading=\"lazy\" decoding=\"async\" width=\"240\" height=\"141\" src=\"https:\/\/www.diarioimagen.net\/wp-content\/uploads\/2023\/03\/Derecho-9.jpg\" class=\"attachment-medium size-medium\" alt=\"\" \/><\/a><\/p>\n"},"caption":{"rendered":"<p>Andr\u00e9s Manuel L\u00f3pez Obrador afirm\u00f3 que su gobierno acatar\u00e1 el fallo que se determine durante el panel de expertos sobre la situaci\u00f3n con Vulcan Materials.<\/p>\n"},"alt_text":"","media_type":"image","mime_type":"image\/jpeg","media_details":{"width":460,"height":270,"file":"2023\/03\/Derecho-9.jpg","filesize":78119,"sizes":{},"image_meta":{"aperture":"0","credit":"","camera":"","caption":"","created_timestamp":"0","copyright":"","focal_length":"0","iso":"0","shutter_speed":"0","title":"","orientation":"0","keywords":[]}},"post":578649,"source_url":"https:\/\/www.diarioimagen.net\/wp-content\/uploads\/2023\/03\/Derecho-9.jpg","_links":{"self":[{"href":"https:\/\/www.diarioimagen.net\/index.php?rest_route=\/wp\/v2\/media\/578688","targetHints":{"allow":["GET"]}}],"collection":[{"href":"https:\/\/www.diarioimagen.net\/index.php?rest_route=\/wp\/v2\/media"}],"about":[{"href":"https:\/\/www.diarioimagen.net\/index.php?rest_route=\/wp\/v2\/types\/attachment"}],"author":[{"embeddable":true,"href":"https:\/\/www.diarioimagen.net\/index.php?rest_route=\/wp\/v2\/users\/3"}],"replies":[{"embeddable":true,"href":"https:\/\/www.diarioimagen.net\/index.php?rest_route=%2Fwp%2Fv2%2Fcomments&post=578688"}]}}

<p>Andrés Manuel López Obrador afirmó que su gobierno acatará el fallo que se determine durante el panel de expertos sobre la situación con Vulcan Materials.</p>
