{"id":578713,"date":"2023-03-24T03:04:42","date_gmt":"2023-03-24T09:04:42","guid":{"rendered":"https:\/\/www.diarioimagen.net\/wp-content\/uploads\/2023\/03\/siete-veces.jpg"},"modified":"2023-03-24T03:04:47","modified_gmt":"2023-03-24T09:04:47","slug":"siete-veces-3","status":"inherit","type":"attachment","link":"https:\/\/www.diarioimagen.net\/?attachment_id=578713","title":{"rendered":"siete-veces"},"author":3,"featured_media":0,"comment_status":"open","ping_status":"closed","template":"","meta":{"_monsterinsights_skip_tracking":false,"_monsterinsights_sitenote_active":false,"_monsterinsights_sitenote_note":"","_monsterinsights_sitenote_category":0},"class_list":["post-578713","attachment","type-attachment","status-inherit","hentry"],"description":{"rendered":"<p class=\"attachment\"><a href='https:\/\/www.diarioimagen.net\/wp-content\/uploads\/2023\/03\/siete-veces.jpg'><img loading=\"lazy\" decoding=\"async\" width=\"214\" height=\"240\" src=\"https:\/\/www.diarioimagen.net\/wp-content\/uploads\/2023\/03\/siete-veces.jpg\" class=\"attachment-medium size-medium\" alt=\"\" \/><\/a><\/p>\n"},"caption":{"rendered":"<p>Develaci\u00f3n de placa por un a\u00f1o de funciones. Cada uno de los actores que se ha encargado de interpretar los amados personajes de esta obra ha dejado su mayor esfuerzo en el escenario y una cantidad enorme de talento que lo ponen en pr\u00e1ctica d\u00eda a d\u00eda en cada funci\u00f3n que realizan.<\/p>\n"},"alt_text":"","media_type":"image","mime_type":"image\/jpeg","media_details":{"width":460,"height":516,"file":"2023\/03\/siete-veces.jpg","filesize":129661,"sizes":{},"image_meta":{"aperture":"0","credit":"","camera":"","caption":"","created_timestamp":"0","copyright":"","focal_length":"0","iso":"0","shutter_speed":"0","title":"","orientation":"0","keywords":[]}},"post":578664,"source_url":"https:\/\/www.diarioimagen.net\/wp-content\/uploads\/2023\/03\/siete-veces.jpg","_links":{"self":[{"href":"https:\/\/www.diarioimagen.net\/index.php?rest_route=\/wp\/v2\/media\/578713","targetHints":{"allow":["GET"]}}],"collection":[{"href":"https:\/\/www.diarioimagen.net\/index.php?rest_route=\/wp\/v2\/media"}],"about":[{"href":"https:\/\/www.diarioimagen.net\/index.php?rest_route=\/wp\/v2\/types\/attachment"}],"author":[{"embeddable":true,"href":"https:\/\/www.diarioimagen.net\/index.php?rest_route=\/wp\/v2\/users\/3"}],"replies":[{"embeddable":true,"href":"https:\/\/www.diarioimagen.net\/index.php?rest_route=%2Fwp%2Fv2%2Fcomments&post=578713"}]}}

<p>Develación de placa por un año de funciones. Cada uno de los actores que se ha encargado de interpretar los amados personajes de esta obra ha dejado su mayor esfuerzo en el escenario y una cantidad enorme de talento que lo ponen en práctica día a día en cada función que realizan.</p>
