{"id":579053,"date":"2023-03-28T01:14:25","date_gmt":"2023-03-28T07:14:25","guid":{"rendered":"https:\/\/www.diarioimagen.net\/wp-content\/uploads\/2023\/03\/uaem-oferta-educativa.jpg"},"modified":"2023-03-28T01:14:32","modified_gmt":"2023-03-28T07:14:32","slug":"uaem-oferta-educativa","status":"inherit","type":"attachment","link":"https:\/\/www.diarioimagen.net\/?attachment_id=579053","title":{"rendered":"uaem-oferta-educativa"},"author":3,"featured_media":0,"comment_status":"open","ping_status":"closed","template":"","meta":{"_monsterinsights_skip_tracking":false,"_monsterinsights_sitenote_active":false,"_monsterinsights_sitenote_note":"","_monsterinsights_sitenote_category":0},"class_list":["post-579053","attachment","type-attachment","status-inherit","hentry"],"description":{"rendered":"<p class=\"attachment\"><a href='https:\/\/www.diarioimagen.net\/wp-content\/uploads\/2023\/03\/uaem-oferta-educativa.jpg'><img loading=\"lazy\" decoding=\"async\" width=\"240\" height=\"141\" src=\"https:\/\/www.diarioimagen.net\/wp-content\/uploads\/2023\/03\/uaem-oferta-educativa.jpg\" class=\"attachment-medium size-medium\" alt=\"\" \/><\/a><\/p>\n"},"caption":{"rendered":"<p>La Comisi\u00f3n Especial para el Estudio y Evaluaci\u00f3n del Segundo Informe Anual de Actividades aprob\u00f3 el documento presentado por el rector, Carlos Eduardo Barrera D\u00edaz el pasado tres de marzo, donde se dio cuenta del quehacer universitario durante dicho periodo.<\/p>\n"},"alt_text":"","media_type":"image","mime_type":"image\/jpeg","media_details":{"width":460,"height":270,"file":"2023\/03\/uaem-oferta-educativa.jpg","filesize":64414,"sizes":{},"image_meta":{"aperture":"0","credit":"","camera":"","caption":"","created_timestamp":"0","copyright":"","focal_length":"0","iso":"0","shutter_speed":"0","title":"","orientation":"0","keywords":[]}},"post":578958,"source_url":"https:\/\/www.diarioimagen.net\/wp-content\/uploads\/2023\/03\/uaem-oferta-educativa.jpg","_links":{"self":[{"href":"https:\/\/www.diarioimagen.net\/index.php?rest_route=\/wp\/v2\/media\/579053","targetHints":{"allow":["GET"]}}],"collection":[{"href":"https:\/\/www.diarioimagen.net\/index.php?rest_route=\/wp\/v2\/media"}],"about":[{"href":"https:\/\/www.diarioimagen.net\/index.php?rest_route=\/wp\/v2\/types\/attachment"}],"author":[{"embeddable":true,"href":"https:\/\/www.diarioimagen.net\/index.php?rest_route=\/wp\/v2\/users\/3"}],"replies":[{"embeddable":true,"href":"https:\/\/www.diarioimagen.net\/index.php?rest_route=%2Fwp%2Fv2%2Fcomments&post=579053"}]}}

<p>La Comisión Especial para el Estudio y Evaluación del Segundo Informe Anual de Actividades aprobó el documento presentado por el rector, Carlos Eduardo Barrera Díaz el pasado tres de marzo, donde se dio cuenta del quehacer universitario durante dicho periodo.</p>
