{"id":579586,"date":"2023-03-31T02:37:05","date_gmt":"2023-03-31T08:37:05","guid":{"rendered":"https:\/\/www.diarioimagen.net\/wp-content\/uploads\/2023\/03\/intensificara-operativo.jpg"},"modified":"2023-03-31T02:37:10","modified_gmt":"2023-03-31T08:37:10","slug":"intensificara-operativo","status":"inherit","type":"attachment","link":"https:\/\/www.diarioimagen.net\/?attachment_id=579586","title":{"rendered":"intensificara-operativo"},"author":3,"featured_media":0,"comment_status":"open","ping_status":"closed","template":"","meta":{"_monsterinsights_skip_tracking":false,"_monsterinsights_sitenote_active":false,"_monsterinsights_sitenote_note":"","_monsterinsights_sitenote_category":0},"class_list":["post-579586","attachment","type-attachment","status-inherit","hentry"],"description":{"rendered":"<p class=\"attachment\"><a href='https:\/\/www.diarioimagen.net\/wp-content\/uploads\/2023\/03\/intensificara-operativo.jpg'><img loading=\"lazy\" decoding=\"async\" width=\"240\" height=\"141\" src=\"https:\/\/www.diarioimagen.net\/wp-content\/uploads\/2023\/03\/intensificara-operativo.jpg\" class=\"attachment-medium size-medium\" alt=\"\" \/><\/a><\/p>\n"},"caption":{"rendered":"<p>El operativo \u201cSemana Santa 2023\u201d en Edomex se intensificar\u00e1 a partir del 31 de este mes y hasta el 14 de abril, con la participaci\u00f3n de dos mil 344 polic\u00edas.<\/p>\n"},"alt_text":"","media_type":"image","mime_type":"image\/jpeg","media_details":{"width":460,"height":270,"file":"2023\/03\/intensificara-operativo.jpg","filesize":89170,"sizes":{},"image_meta":{"aperture":"0","credit":"","camera":"","caption":"","created_timestamp":"0","copyright":"","focal_length":"0","iso":"0","shutter_speed":"0","title":"","orientation":"0","keywords":[]}},"post":579469,"source_url":"https:\/\/www.diarioimagen.net\/wp-content\/uploads\/2023\/03\/intensificara-operativo.jpg","_links":{"self":[{"href":"https:\/\/www.diarioimagen.net\/index.php?rest_route=\/wp\/v2\/media\/579586","targetHints":{"allow":["GET"]}}],"collection":[{"href":"https:\/\/www.diarioimagen.net\/index.php?rest_route=\/wp\/v2\/media"}],"about":[{"href":"https:\/\/www.diarioimagen.net\/index.php?rest_route=\/wp\/v2\/types\/attachment"}],"author":[{"embeddable":true,"href":"https:\/\/www.diarioimagen.net\/index.php?rest_route=\/wp\/v2\/users\/3"}],"replies":[{"embeddable":true,"href":"https:\/\/www.diarioimagen.net\/index.php?rest_route=%2Fwp%2Fv2%2Fcomments&post=579586"}]}}

<p>El operativo “Semana Santa 2023” en Edomex se intensificará a partir del 31 de este mes y hasta el 14 de abril, con la participación de dos mil 344 policías.</p>
