{"id":579591,"date":"2023-03-31T02:38:38","date_gmt":"2023-03-31T08:38:38","guid":{"rendered":"https:\/\/www.diarioimagen.net\/wp-content\/uploads\/2023\/03\/amlo-15.jpg"},"modified":"2023-03-31T02:38:43","modified_gmt":"2023-03-31T08:38:43","slug":"amlo-360","status":"inherit","type":"attachment","link":"https:\/\/www.diarioimagen.net\/?attachment_id=579591","title":{"rendered":"amlo"},"author":3,"featured_media":0,"comment_status":"open","ping_status":"closed","template":"","meta":{"_monsterinsights_skip_tracking":false,"_monsterinsights_sitenote_active":false,"_monsterinsights_sitenote_note":"","_monsterinsights_sitenote_category":0},"class_list":["post-579591","attachment","type-attachment","status-inherit","hentry"],"description":{"rendered":"<p class=\"attachment\"><a href='https:\/\/www.diarioimagen.net\/wp-content\/uploads\/2023\/03\/amlo-15.jpg'><img loading=\"lazy\" decoding=\"async\" width=\"240\" height=\"141\" src=\"https:\/\/www.diarioimagen.net\/wp-content\/uploads\/2023\/03\/amlo-15.jpg\" class=\"attachment-medium size-medium\" alt=\"\" \/><\/a><\/p>\n"},"caption":{"rendered":"<p>Andres Manuel L\u00f3pez Obrador pidi\u00f3 al Consejo de la Comunicaci\u00f3n ayudar a la elaboraci\u00f3n de una campa\u00f1a de informaci\u00f3n para alertar sobre el consumo mortal de fentanilo.<\/p>\n"},"alt_text":"","media_type":"image","mime_type":"image\/jpeg","media_details":{"width":460,"height":270,"file":"2023\/03\/amlo-15.jpg","filesize":39062,"sizes":{},"image_meta":{"aperture":"0","credit":"","camera":"","caption":"","created_timestamp":"0","copyright":"","focal_length":"0","iso":"0","shutter_speed":"0","title":"","orientation":"0","keywords":[]}},"post":579466,"source_url":"https:\/\/www.diarioimagen.net\/wp-content\/uploads\/2023\/03\/amlo-15.jpg","_links":{"self":[{"href":"https:\/\/www.diarioimagen.net\/index.php?rest_route=\/wp\/v2\/media\/579591","targetHints":{"allow":["GET"]}}],"collection":[{"href":"https:\/\/www.diarioimagen.net\/index.php?rest_route=\/wp\/v2\/media"}],"about":[{"href":"https:\/\/www.diarioimagen.net\/index.php?rest_route=\/wp\/v2\/types\/attachment"}],"author":[{"embeddable":true,"href":"https:\/\/www.diarioimagen.net\/index.php?rest_route=\/wp\/v2\/users\/3"}],"replies":[{"embeddable":true,"href":"https:\/\/www.diarioimagen.net\/index.php?rest_route=%2Fwp%2Fv2%2Fcomments&post=579591"}]}}

<p>Andres Manuel López Obrador pidió al Consejo de la Comunicación ayudar a la elaboración de una campaña de información para alertar sobre el consumo mortal de fentanilo.</p>
