{"id":579595,"date":"2023-03-31T02:39:46","date_gmt":"2023-03-31T08:39:46","guid":{"rendered":"https:\/\/www.diarioimagen.net\/wp-content\/uploads\/2023\/03\/Robaplana-cancun-esta-lleno.jpg"},"modified":"2023-03-31T02:39:51","modified_gmt":"2023-03-31T08:39:51","slug":"robaplana-cancun-esta-lleno","status":"inherit","type":"attachment","link":"https:\/\/www.diarioimagen.net\/?attachment_id=579595","title":{"rendered":"Robaplana-cancun-esta-lleno"},"author":3,"featured_media":0,"comment_status":"open","ping_status":"closed","template":"","meta":{"_monsterinsights_skip_tracking":false,"_monsterinsights_sitenote_active":false,"_monsterinsights_sitenote_note":"","_monsterinsights_sitenote_category":0},"class_list":["post-579595","attachment","type-attachment","status-inherit","hentry"],"description":{"rendered":"<p class=\"attachment\"><a href='https:\/\/www.diarioimagen.net\/wp-content\/uploads\/2023\/03\/Robaplana-cancun-esta-lleno.jpg'><img loading=\"lazy\" decoding=\"async\" width=\"240\" height=\"141\" src=\"https:\/\/www.diarioimagen.net\/wp-content\/uploads\/2023\/03\/Robaplana-cancun-esta-lleno.jpg\" class=\"attachment-medium size-medium\" alt=\"\" \/><\/a><\/p>\n"},"caption":{"rendered":"<p>Andr\u00e9s Manuel L\u00f3pez Obrador asegura que se ha puesto un freno a la delincuencia y que Canc\u00fan est\u00e1 lleno de estadunidenses.<\/p>\n"},"alt_text":"","media_type":"image","mime_type":"image\/jpeg","media_details":{"width":460,"height":270,"file":"2023\/03\/Robaplana-cancun-esta-lleno.jpg","filesize":72219,"sizes":{},"image_meta":{"aperture":"0","credit":"","camera":"","caption":"","created_timestamp":"0","copyright":"Amaranta Prieto @Cuartoscuro","focal_length":"0","iso":"0","shutter_speed":"0","title":"","orientation":"0","keywords":[]}},"post":579488,"source_url":"https:\/\/www.diarioimagen.net\/wp-content\/uploads\/2023\/03\/Robaplana-cancun-esta-lleno.jpg","_links":{"self":[{"href":"https:\/\/www.diarioimagen.net\/index.php?rest_route=\/wp\/v2\/media\/579595","targetHints":{"allow":["GET"]}}],"collection":[{"href":"https:\/\/www.diarioimagen.net\/index.php?rest_route=\/wp\/v2\/media"}],"about":[{"href":"https:\/\/www.diarioimagen.net\/index.php?rest_route=\/wp\/v2\/types\/attachment"}],"author":[{"embeddable":true,"href":"https:\/\/www.diarioimagen.net\/index.php?rest_route=\/wp\/v2\/users\/3"}],"replies":[{"embeddable":true,"href":"https:\/\/www.diarioimagen.net\/index.php?rest_route=%2Fwp%2Fv2%2Fcomments&post=579595"}]}}

<p>Andrés Manuel López Obrador asegura que se ha puesto un freno a la delincuencia y que Cancún está lleno de estadunidenses.</p>
