{"id":579870,"date":"2023-04-04T02:06:17","date_gmt":"2023-04-04T08:06:17","guid":{"rendered":"https:\/\/www.diarioimagen.net\/wp-content\/uploads\/2023\/04\/derecho.jpg"},"modified":"2023-04-04T02:06:25","modified_gmt":"2023-04-04T08:06:25","slug":"derecho-623","status":"inherit","type":"attachment","link":"https:\/\/www.diarioimagen.net\/?attachment_id=579870","title":{"rendered":"derecho"},"author":3,"featured_media":0,"comment_status":"open","ping_status":"closed","template":"","meta":{"_monsterinsights_skip_tracking":false,"_monsterinsights_sitenote_active":false,"_monsterinsights_sitenote_note":"","_monsterinsights_sitenote_category":0},"class_list":["post-579870","attachment","type-attachment","status-inherit","hentry"],"description":{"rendered":"<p class=\"attachment\"><a href='https:\/\/www.diarioimagen.net\/wp-content\/uploads\/2023\/04\/derecho.jpg'><img loading=\"lazy\" decoding=\"async\" width=\"240\" height=\"141\" src=\"https:\/\/www.diarioimagen.net\/wp-content\/uploads\/2023\/04\/derecho.jpg\" class=\"attachment-medium size-medium\" alt=\"\" \/><\/a><\/p>\n"},"caption":{"rendered":"<p>La balacera se registr\u00f3 en un predio aleda\u00f1o a un hotel ubicado en el kil\u00f3metro 16.5 del Boulevard Kukulc\u00e1n, lo que gener\u00f3 una r\u00e1pida\u00a0 movilizaci\u00f3n de elementos de seguridad.<\/p>\n"},"alt_text":"","media_type":"image","mime_type":"image\/jpeg","media_details":{"width":460,"height":270,"file":"2023\/04\/derecho.jpg","filesize":69175,"sizes":{},"image_meta":{"aperture":"0","credit":"","camera":"","caption":"","created_timestamp":"0","copyright":"","focal_length":"0","iso":"0","shutter_speed":"0","title":"","orientation":"0","keywords":[]}},"post":579840,"source_url":"https:\/\/www.diarioimagen.net\/wp-content\/uploads\/2023\/04\/derecho.jpg","_links":{"self":[{"href":"https:\/\/www.diarioimagen.net\/index.php?rest_route=\/wp\/v2\/media\/579870","targetHints":{"allow":["GET"]}}],"collection":[{"href":"https:\/\/www.diarioimagen.net\/index.php?rest_route=\/wp\/v2\/media"}],"about":[{"href":"https:\/\/www.diarioimagen.net\/index.php?rest_route=\/wp\/v2\/types\/attachment"}],"author":[{"embeddable":true,"href":"https:\/\/www.diarioimagen.net\/index.php?rest_route=\/wp\/v2\/users\/3"}],"replies":[{"embeddable":true,"href":"https:\/\/www.diarioimagen.net\/index.php?rest_route=%2Fwp%2Fv2%2Fcomments&post=579870"}]}}

<p>La balacera se registró en un predio aledaño a un hotel ubicado en el kilómetro 16.5 del Boulevard Kukulcán, lo que generó una rápida  movilización de elementos de seguridad.</p>
