{"id":580248,"date":"2023-04-10T01:03:22","date_gmt":"2023-04-10T07:03:22","guid":{"rendered":"https:\/\/www.diarioimagen.net\/wp-content\/uploads\/2023\/04\/MIGRANTES.jpg"},"modified":"2023-04-10T01:03:26","modified_gmt":"2023-04-10T07:03:26","slug":"migrantes-21","status":"inherit","type":"attachment","link":"https:\/\/www.diarioimagen.net\/?attachment_id=580248","title":{"rendered":"MIGRANTES"},"author":3,"featured_media":0,"comment_status":"open","ping_status":"closed","template":"","meta":{"_monsterinsights_skip_tracking":false,"_monsterinsights_sitenote_active":false,"_monsterinsights_sitenote_note":"","_monsterinsights_sitenote_category":0},"class_list":["post-580248","attachment","type-attachment","status-inherit","hentry"],"description":{"rendered":"<p class=\"attachment\"><a href='https:\/\/www.diarioimagen.net\/wp-content\/uploads\/2023\/04\/MIGRANTES.jpg'><img loading=\"lazy\" decoding=\"async\" width=\"240\" height=\"141\" src=\"https:\/\/www.diarioimagen.net\/wp-content\/uploads\/2023\/04\/MIGRANTES.jpg\" class=\"attachment-medium size-medium\" alt=\"\" \/><\/a><\/p>\n"},"caption":{"rendered":"<p>Al llegar al borde del r\u00edo Bravo, para los migrantes indocumentados ya no hay vuelta atr\u00e1s y su objetivo s\u00f3lo es cruzar una \u00faltima barrera para alcanzar el \u201csue\u00f1o americano\u201d.<\/p>\n"},"alt_text":"","media_type":"image","mime_type":"image\/jpeg","media_details":{"width":460,"height":270,"file":"2023\/04\/MIGRANTES.jpg","filesize":69051,"sizes":{},"image_meta":{"aperture":"0","credit":"","camera":"","caption":"","created_timestamp":"0","copyright":"","focal_length":"0","iso":"0","shutter_speed":"0","title":"","orientation":"0","keywords":[]}},"post":580162,"source_url":"https:\/\/www.diarioimagen.net\/wp-content\/uploads\/2023\/04\/MIGRANTES.jpg","_links":{"self":[{"href":"https:\/\/www.diarioimagen.net\/index.php?rest_route=\/wp\/v2\/media\/580248","targetHints":{"allow":["GET"]}}],"collection":[{"href":"https:\/\/www.diarioimagen.net\/index.php?rest_route=\/wp\/v2\/media"}],"about":[{"href":"https:\/\/www.diarioimagen.net\/index.php?rest_route=\/wp\/v2\/types\/attachment"}],"author":[{"embeddable":true,"href":"https:\/\/www.diarioimagen.net\/index.php?rest_route=\/wp\/v2\/users\/3"}],"replies":[{"embeddable":true,"href":"https:\/\/www.diarioimagen.net\/index.php?rest_route=%2Fwp%2Fv2%2Fcomments&post=580248"}]}}

<p>Al llegar al borde del río Bravo, para los migrantes indocumentados ya no hay vuelta atrás y su objetivo sólo es cruzar una última barrera para alcanzar el “sueño americano”.</p>
