{"id":580270,"date":"2023-04-10T01:15:25","date_gmt":"2023-04-10T07:15:25","guid":{"rendered":"https:\/\/www.diarioimagen.net\/wp-content\/uploads\/2023\/04\/buble.jpg"},"modified":"2023-04-10T01:15:29","modified_gmt":"2023-04-10T07:15:29","slug":"buble","status":"inherit","type":"attachment","link":"https:\/\/www.diarioimagen.net\/?attachment_id=580270","title":{"rendered":"buble"},"author":3,"featured_media":0,"comment_status":"open","ping_status":"closed","template":"","meta":{"_monsterinsights_skip_tracking":false,"_monsterinsights_sitenote_active":false,"_monsterinsights_sitenote_note":"","_monsterinsights_sitenote_category":0},"class_list":["post-580270","attachment","type-attachment","status-inherit","hentry"],"description":{"rendered":"<p class=\"attachment\"><a href='https:\/\/www.diarioimagen.net\/wp-content\/uploads\/2023\/04\/buble.jpg'><img loading=\"lazy\" decoding=\"async\" width=\"240\" height=\"240\" src=\"https:\/\/www.diarioimagen.net\/wp-content\/uploads\/2023\/04\/buble.jpg\" class=\"attachment-medium size-medium\" alt=\"\" \/><\/a><\/p>\n"},"caption":{"rendered":"<p>El artista ganador de m\u00faltiples premios Grammy y m\u00faltiples premios Juno contin\u00faa su viaje musical con un nuevo \u00e1lbum de estudio titulado Higher.<\/p>\n"},"alt_text":"","media_type":"image","mime_type":"image\/jpeg","media_details":{"width":460,"height":460,"file":"2023\/04\/buble.jpg","filesize":64646,"sizes":{},"image_meta":{"aperture":"0","credit":"","camera":"","caption":"","created_timestamp":"0","copyright":"","focal_length":"0","iso":"0","shutter_speed":"0","title":"","orientation":"0","keywords":[]}},"post":580212,"source_url":"https:\/\/www.diarioimagen.net\/wp-content\/uploads\/2023\/04\/buble.jpg","_links":{"self":[{"href":"https:\/\/www.diarioimagen.net\/index.php?rest_route=\/wp\/v2\/media\/580270","targetHints":{"allow":["GET"]}}],"collection":[{"href":"https:\/\/www.diarioimagen.net\/index.php?rest_route=\/wp\/v2\/media"}],"about":[{"href":"https:\/\/www.diarioimagen.net\/index.php?rest_route=\/wp\/v2\/types\/attachment"}],"author":[{"embeddable":true,"href":"https:\/\/www.diarioimagen.net\/index.php?rest_route=\/wp\/v2\/users\/3"}],"replies":[{"embeddable":true,"href":"https:\/\/www.diarioimagen.net\/index.php?rest_route=%2Fwp%2Fv2%2Fcomments&post=580270"}]}}

<p>El artista ganador de múltiples premios Grammy y múltiples premios Juno continúa su viaje musical con un nuevo álbum de estudio titulado Higher.</p>
