{"id":580547,"date":"2023-04-12T02:06:25","date_gmt":"2023-04-12T08:06:25","guid":{"rendered":"https:\/\/www.diarioimagen.net\/wp-content\/uploads\/2023\/04\/TREN01-2.jpg"},"modified":"2023-04-12T02:06:31","modified_gmt":"2023-04-12T08:06:31","slug":"tren01-77","status":"inherit","type":"attachment","link":"https:\/\/www.diarioimagen.net\/?attachment_id=580547","title":{"rendered":"TREN01"},"author":3,"featured_media":0,"comment_status":"open","ping_status":"closed","template":"","meta":{"_monsterinsights_skip_tracking":false,"_monsterinsights_sitenote_active":false,"_monsterinsights_sitenote_note":"","_monsterinsights_sitenote_category":0},"class_list":["post-580547","attachment","type-attachment","status-inherit","hentry"],"description":{"rendered":"<p class=\"attachment\"><a href='https:\/\/www.diarioimagen.net\/wp-content\/uploads\/2023\/04\/TREN01-2.jpg'><img loading=\"lazy\" decoding=\"async\" width=\"240\" height=\"141\" src=\"https:\/\/www.diarioimagen.net\/wp-content\/uploads\/2023\/04\/TREN01-2.jpg\" class=\"attachment-medium size-medium\" alt=\"\" \/><\/a><\/p>\n"},"caption":{"rendered":"<p>A la fecha, hay instalados 200 kil\u00f3metros de v\u00eda doble electrificada de los 239 kil\u00f3metros contemplados de Izamal, Yucat\u00e1n, a Canc\u00fan.<\/p>\n"},"alt_text":"","media_type":"image","mime_type":"image\/jpeg","media_details":{"width":460,"height":270,"file":"2023\/04\/TREN01-2.jpg","filesize":51770,"sizes":{},"image_meta":{"aperture":"0","credit":"","camera":"","caption":"","created_timestamp":"0","copyright":"","focal_length":"0","iso":"0","shutter_speed":"0","title":"","orientation":"0","keywords":[]}},"post":580481,"source_url":"https:\/\/www.diarioimagen.net\/wp-content\/uploads\/2023\/04\/TREN01-2.jpg","_links":{"self":[{"href":"https:\/\/www.diarioimagen.net\/index.php?rest_route=\/wp\/v2\/media\/580547","targetHints":{"allow":["GET"]}}],"collection":[{"href":"https:\/\/www.diarioimagen.net\/index.php?rest_route=\/wp\/v2\/media"}],"about":[{"href":"https:\/\/www.diarioimagen.net\/index.php?rest_route=\/wp\/v2\/types\/attachment"}],"author":[{"embeddable":true,"href":"https:\/\/www.diarioimagen.net\/index.php?rest_route=\/wp\/v2\/users\/3"}],"replies":[{"embeddable":true,"href":"https:\/\/www.diarioimagen.net\/index.php?rest_route=%2Fwp%2Fv2%2Fcomments&post=580547"}]}}

<p>A la fecha, hay instalados 200 kilómetros de vía doble electrificada de los 239 kilómetros contemplados de Izamal, Yucatán, a Cancún.</p>
