{"id":580951,"date":"2023-04-17T01:48:47","date_gmt":"2023-04-17T07:48:47","guid":{"rendered":"https:\/\/www.diarioimagen.net\/wp-content\/uploads\/2023\/04\/derecho-2.jpg"},"modified":"2023-04-17T01:48:52","modified_gmt":"2023-04-17T07:48:52","slug":"derecho-629","status":"inherit","type":"attachment","link":"https:\/\/www.diarioimagen.net\/?attachment_id=580951","title":{"rendered":"derecho"},"author":3,"featured_media":0,"comment_status":"open","ping_status":"closed","template":"","meta":{"_monsterinsights_skip_tracking":false,"_monsterinsights_sitenote_active":false,"_monsterinsights_sitenote_note":"","_monsterinsights_sitenote_category":0},"class_list":["post-580951","attachment","type-attachment","status-inherit","hentry"],"description":{"rendered":"<p class=\"attachment\"><a href='https:\/\/www.diarioimagen.net\/wp-content\/uploads\/2023\/04\/derecho-2.jpg'><img loading=\"lazy\" decoding=\"async\" width=\"240\" height=\"141\" src=\"https:\/\/www.diarioimagen.net\/wp-content\/uploads\/2023\/04\/derecho-2.jpg\" class=\"attachment-medium size-medium\" alt=\"\" \/><\/a><\/p>\n"},"caption":{"rendered":"<p>La Secretar\u00eda de Seguridad P\u00fablica de Benito Ju\u00e1rez detuvo a un taxista que estar\u00eda vinculado en dos agresiones con arma blanca en contra trabajadores de conductores de Uber.<\/p>\n"},"alt_text":"","media_type":"image","mime_type":"image\/jpeg","media_details":{"width":460,"height":270,"file":"2023\/04\/derecho-2.jpg","filesize":80741,"sizes":{},"image_meta":{"aperture":"0","credit":"","camera":"","caption":"","created_timestamp":"0","copyright":"","focal_length":"0","iso":"0","shutter_speed":"0","title":"","orientation":"0","keywords":[]}},"post":580890,"source_url":"https:\/\/www.diarioimagen.net\/wp-content\/uploads\/2023\/04\/derecho-2.jpg","_links":{"self":[{"href":"https:\/\/www.diarioimagen.net\/index.php?rest_route=\/wp\/v2\/media\/580951","targetHints":{"allow":["GET"]}}],"collection":[{"href":"https:\/\/www.diarioimagen.net\/index.php?rest_route=\/wp\/v2\/media"}],"about":[{"href":"https:\/\/www.diarioimagen.net\/index.php?rest_route=\/wp\/v2\/types\/attachment"}],"author":[{"embeddable":true,"href":"https:\/\/www.diarioimagen.net\/index.php?rest_route=\/wp\/v2\/users\/3"}],"replies":[{"embeddable":true,"href":"https:\/\/www.diarioimagen.net\/index.php?rest_route=%2Fwp%2Fv2%2Fcomments&post=580951"}]}}

<p>La Secretaría de Seguridad Pública de Benito Juárez detuvo a un taxista que estaría vinculado en dos agresiones con arma blanca en contra trabajadores de conductores de Uber.</p>
