{"id":580963,"date":"2023-04-17T01:54:45","date_gmt":"2023-04-17T07:54:45","guid":{"rendered":"https:\/\/www.diarioimagen.net\/wp-content\/uploads\/2023\/04\/desaparecio-40.jpg"},"modified":"2023-04-17T01:54:48","modified_gmt":"2023-04-17T07:54:48","slug":"desaparecio-40","status":"inherit","type":"attachment","link":"https:\/\/www.diarioimagen.net\/?attachment_id=580963","title":{"rendered":"desaparecio-40"},"author":3,"featured_media":0,"comment_status":"open","ping_status":"closed","template":"","meta":{"_monsterinsights_skip_tracking":false,"_monsterinsights_sitenote_active":false,"_monsterinsights_sitenote_note":"","_monsterinsights_sitenote_category":0},"class_list":["post-580963","attachment","type-attachment","status-inherit","hentry"],"description":{"rendered":"<p class=\"attachment\"><a href='https:\/\/www.diarioimagen.net\/wp-content\/uploads\/2023\/04\/desaparecio-40.jpg'><img loading=\"lazy\" decoding=\"async\" width=\"240\" height=\"141\" src=\"https:\/\/www.diarioimagen.net\/wp-content\/uploads\/2023\/04\/desaparecio-40.jpg\" class=\"attachment-medium size-medium\" alt=\"\" \/><\/a><\/p>\n"},"caption":{"rendered":"<p>Josu\u00e9 Ra\u00fal de Luis G\u00f3mez, dirigente de la Uni\u00f3n de Comerciantes en Peque\u00f1o de Naucalpan.<\/p>\n"},"alt_text":"","media_type":"image","mime_type":"image\/jpeg","media_details":{"width":460,"height":270,"file":"2023\/04\/desaparecio-40.jpg","filesize":34178,"sizes":{},"image_meta":{"aperture":"0","credit":"","camera":"","caption":"","created_timestamp":"0","copyright":"","focal_length":"0","iso":"0","shutter_speed":"0","title":"","orientation":"0","keywords":[]}},"post":580881,"source_url":"https:\/\/www.diarioimagen.net\/wp-content\/uploads\/2023\/04\/desaparecio-40.jpg","_links":{"self":[{"href":"https:\/\/www.diarioimagen.net\/index.php?rest_route=\/wp\/v2\/media\/580963","targetHints":{"allow":["GET"]}}],"collection":[{"href":"https:\/\/www.diarioimagen.net\/index.php?rest_route=\/wp\/v2\/media"}],"about":[{"href":"https:\/\/www.diarioimagen.net\/index.php?rest_route=\/wp\/v2\/types\/attachment"}],"author":[{"embeddable":true,"href":"https:\/\/www.diarioimagen.net\/index.php?rest_route=\/wp\/v2\/users\/3"}],"replies":[{"embeddable":true,"href":"https:\/\/www.diarioimagen.net\/index.php?rest_route=%2Fwp%2Fv2%2Fcomments&post=580963"}]}}

<p>Josué Raúl de Luis Gómez, dirigente de la Unión de Comerciantes en Pequeño de Naucalpan.</p>
