{"id":580967,"date":"2023-04-17T01:56:14","date_gmt":"2023-04-17T07:56:14","guid":{"rendered":"https:\/\/www.diarioimagen.net\/wp-content\/uploads\/2023\/04\/se-atenderan-problemas.jpg"},"modified":"2023-04-17T01:56:19","modified_gmt":"2023-04-17T07:56:19","slug":"se-atenderan-problemas","status":"inherit","type":"attachment","link":"https:\/\/www.diarioimagen.net\/?attachment_id=580967","title":{"rendered":"se-atenderan-problemas"},"author":3,"featured_media":0,"comment_status":"open","ping_status":"closed","template":"","meta":{"_monsterinsights_skip_tracking":false,"_monsterinsights_sitenote_active":false,"_monsterinsights_sitenote_note":"","_monsterinsights_sitenote_category":0},"class_list":["post-580967","attachment","type-attachment","status-inherit","hentry"],"description":{"rendered":"<p class=\"attachment\"><a href='https:\/\/www.diarioimagen.net\/wp-content\/uploads\/2023\/04\/se-atenderan-problemas.jpg'><img loading=\"lazy\" decoding=\"async\" width=\"240\" height=\"141\" src=\"https:\/\/www.diarioimagen.net\/wp-content\/uploads\/2023\/04\/se-atenderan-problemas.jpg\" class=\"attachment-medium size-medium\" alt=\"\" \/><\/a><\/p>\n"},"caption":{"rendered":"<p>La candidata priista Alejandra Del Moral asegur\u00f3 que con entrega se atender\u00e1n los problemas que aquejan al municipio de Tultitl\u00e1n y al resto de la entidad.<\/p>\n"},"alt_text":"","media_type":"image","mime_type":"image\/jpeg","media_details":{"width":460,"height":270,"file":"2023\/04\/se-atenderan-problemas.jpg","filesize":58631,"sizes":{},"image_meta":{"aperture":"0","credit":"","camera":"","caption":"","created_timestamp":"0","copyright":"","focal_length":"0","iso":"0","shutter_speed":"0","title":"","orientation":"0","keywords":[]}},"post":580875,"source_url":"https:\/\/www.diarioimagen.net\/wp-content\/uploads\/2023\/04\/se-atenderan-problemas.jpg","_links":{"self":[{"href":"https:\/\/www.diarioimagen.net\/index.php?rest_route=\/wp\/v2\/media\/580967","targetHints":{"allow":["GET"]}}],"collection":[{"href":"https:\/\/www.diarioimagen.net\/index.php?rest_route=\/wp\/v2\/media"}],"about":[{"href":"https:\/\/www.diarioimagen.net\/index.php?rest_route=\/wp\/v2\/types\/attachment"}],"author":[{"embeddable":true,"href":"https:\/\/www.diarioimagen.net\/index.php?rest_route=\/wp\/v2\/users\/3"}],"replies":[{"embeddable":true,"href":"https:\/\/www.diarioimagen.net\/index.php?rest_route=%2Fwp%2Fv2%2Fcomments&post=580967"}]}}

<p>La candidata priista Alejandra Del Moral aseguró que con entrega se atenderán los problemas que aquejan al municipio de Tultitlán y al resto de la entidad.</p>
