{"id":581077,"date":"2023-04-18T00:56:44","date_gmt":"2023-04-18T06:56:44","guid":{"rendered":"https:\/\/www.diarioimagen.net\/wp-content\/uploads\/2023\/04\/uaem-calidad-academica.jpg"},"modified":"2023-04-18T00:56:48","modified_gmt":"2023-04-18T06:56:48","slug":"uaem-calidad-academica","status":"inherit","type":"attachment","link":"https:\/\/www.diarioimagen.net\/?attachment_id=581077","title":{"rendered":"uaem-calidad-academica"},"author":3,"featured_media":0,"comment_status":"open","ping_status":"closed","template":"","meta":{"_monsterinsights_skip_tracking":false,"_monsterinsights_sitenote_active":false,"_monsterinsights_sitenote_note":"","_monsterinsights_sitenote_category":0},"class_list":["post-581077","attachment","type-attachment","status-inherit","hentry"],"description":{"rendered":"<p class=\"attachment\"><a href='https:\/\/www.diarioimagen.net\/wp-content\/uploads\/2023\/04\/uaem-calidad-academica.jpg'><img loading=\"lazy\" decoding=\"async\" width=\"240\" height=\"141\" src=\"https:\/\/www.diarioimagen.net\/wp-content\/uploads\/2023\/04\/uaem-calidad-academica.jpg\" class=\"attachment-medium size-medium\" alt=\"\" \/><\/a><\/p>\n"},"caption":{"rendered":"<p>El rector de la UAEM\u00e9x, Carlos Eduardo Barrera D\u00edaz, entreg\u00f3 infraestructura ambiental y acad\u00e9mica, durante el Primer Informe de Actividades que rindi\u00f3 la directora de la Facultad de Lenguas, Alejandra L\u00f3pez Olivera Cadena.<\/p>\n"},"alt_text":"","media_type":"image","mime_type":"image\/jpeg","media_details":{"width":460,"height":270,"file":"2023\/04\/uaem-calidad-academica.jpg","filesize":77056,"sizes":{},"image_meta":{"aperture":"0","credit":"","camera":"","caption":"","created_timestamp":"0","copyright":"","focal_length":"0","iso":"0","shutter_speed":"0","title":"","orientation":"0","keywords":[]}},"post":581000,"source_url":"https:\/\/www.diarioimagen.net\/wp-content\/uploads\/2023\/04\/uaem-calidad-academica.jpg","_links":{"self":[{"href":"https:\/\/www.diarioimagen.net\/index.php?rest_route=\/wp\/v2\/media\/581077","targetHints":{"allow":["GET"]}}],"collection":[{"href":"https:\/\/www.diarioimagen.net\/index.php?rest_route=\/wp\/v2\/media"}],"about":[{"href":"https:\/\/www.diarioimagen.net\/index.php?rest_route=\/wp\/v2\/types\/attachment"}],"author":[{"embeddable":true,"href":"https:\/\/www.diarioimagen.net\/index.php?rest_route=\/wp\/v2\/users\/3"}],"replies":[{"embeddable":true,"href":"https:\/\/www.diarioimagen.net\/index.php?rest_route=%2Fwp%2Fv2%2Fcomments&post=581077"}]}}

<p>El rector de la UAEMéx, Carlos Eduardo Barrera Díaz, entregó infraestructura ambiental y académica, durante el Primer Informe de Actividades que rindió la directora de la Facultad de Lenguas, Alejandra López Olivera Cadena.</p>
