{"id":581390,"date":"2023-04-20T01:27:16","date_gmt":"2023-04-20T07:27:16","guid":{"rendered":"https:\/\/www.diarioimagen.net\/wp-content\/uploads\/2023\/04\/uaem-vanguardia.jpg"},"modified":"2023-04-20T01:27:21","modified_gmt":"2023-04-20T07:27:21","slug":"uaem-vanguardia-2","status":"inherit","type":"attachment","link":"https:\/\/www.diarioimagen.net\/?attachment_id=581390","title":{"rendered":"uaem-vanguardia"},"author":3,"featured_media":0,"comment_status":"open","ping_status":"closed","template":"","meta":{"_monsterinsights_skip_tracking":false,"_monsterinsights_sitenote_active":false,"_monsterinsights_sitenote_note":"","_monsterinsights_sitenote_category":0},"class_list":["post-581390","attachment","type-attachment","status-inherit","hentry"],"description":{"rendered":"<p class=\"attachment\"><a href='https:\/\/www.diarioimagen.net\/wp-content\/uploads\/2023\/04\/uaem-vanguardia.jpg'><img loading=\"lazy\" decoding=\"async\" width=\"240\" height=\"141\" src=\"https:\/\/www.diarioimagen.net\/wp-content\/uploads\/2023\/04\/uaem-vanguardia.jpg\" class=\"attachment-medium size-medium\" alt=\"\" \/><\/a><\/p>\n"},"caption":{"rendered":"<p>El Centro de Investigaci\u00f3n y Estudios Avanzados en Odontolog\u00eda (CIEAO) de la UAEM\u00e9x cumple con tres funciones esenciales en materia odontol\u00f3gica: investigaci\u00f3n, docencia y servicios a la comunidad universitaria y p\u00fablico en general.<\/p>\n"},"alt_text":"","media_type":"image","mime_type":"image\/jpeg","media_details":{"width":460,"height":270,"file":"2023\/04\/uaem-vanguardia.jpg","filesize":80560,"sizes":{},"image_meta":{"aperture":"0","credit":"","camera":"","caption":"","created_timestamp":"0","copyright":"","focal_length":"0","iso":"0","shutter_speed":"0","title":"","orientation":"0","keywords":[]}},"post":581310,"source_url":"https:\/\/www.diarioimagen.net\/wp-content\/uploads\/2023\/04\/uaem-vanguardia.jpg","_links":{"self":[{"href":"https:\/\/www.diarioimagen.net\/index.php?rest_route=\/wp\/v2\/media\/581390","targetHints":{"allow":["GET"]}}],"collection":[{"href":"https:\/\/www.diarioimagen.net\/index.php?rest_route=\/wp\/v2\/media"}],"about":[{"href":"https:\/\/www.diarioimagen.net\/index.php?rest_route=\/wp\/v2\/types\/attachment"}],"author":[{"embeddable":true,"href":"https:\/\/www.diarioimagen.net\/index.php?rest_route=\/wp\/v2\/users\/3"}],"replies":[{"embeddable":true,"href":"https:\/\/www.diarioimagen.net\/index.php?rest_route=%2Fwp%2Fv2%2Fcomments&post=581390"}]}}

<p>El Centro de Investigación y Estudios Avanzados en Odontología (CIEAO) de la UAEMéx cumple con tres funciones esenciales en materia odontológica: investigación, docencia y servicios a la comunidad universitaria y público en general.</p>
