{"id":581975,"date":"2023-04-26T02:15:36","date_gmt":"2023-04-26T08:15:36","guid":{"rendered":"https:\/\/www.diarioimagen.net\/wp-content\/uploads\/2023\/04\/amlo-10.jpg"},"modified":"2023-04-26T02:15:40","modified_gmt":"2023-04-26T08:15:40","slug":"amlo-371","status":"inherit","type":"attachment","link":"https:\/\/www.diarioimagen.net\/?attachment_id=581975","title":{"rendered":"amlo"},"author":3,"featured_media":0,"comment_status":"open","ping_status":"closed","template":"","meta":{"_monsterinsights_skip_tracking":false,"_monsterinsights_sitenote_active":false,"_monsterinsights_sitenote_note":"","_monsterinsights_sitenote_category":0},"class_list":["post-581975","attachment","type-attachment","status-inherit","hentry"],"description":{"rendered":"<p class=\"attachment\"><a href='https:\/\/www.diarioimagen.net\/wp-content\/uploads\/2023\/04\/amlo-10.jpg'><img loading=\"lazy\" decoding=\"async\" width=\"240\" height=\"141\" src=\"https:\/\/www.diarioimagen.net\/wp-content\/uploads\/2023\/04\/amlo-10.jpg\" class=\"attachment-medium size-medium\" alt=\"\" \/><\/a><\/p>\n"},"caption":{"rendered":"<p>El secretario de Gobernaci\u00f3n, Ad\u00e1n Augusto L\u00f3pez, rechaz\u00f3 que el gobierno pretenda dejar inhabilitado el INAI.<\/p>\n"},"alt_text":"","media_type":"image","mime_type":"image\/jpeg","media_details":{"width":460,"height":270,"file":"2023\/04\/amlo-10.jpg","filesize":52258,"sizes":{},"image_meta":{"aperture":"0","credit":"","camera":"","caption":"","created_timestamp":"0","copyright":"","focal_length":"0","iso":"0","shutter_speed":"0","title":"","orientation":"0","keywords":[]}},"post":581913,"source_url":"https:\/\/www.diarioimagen.net\/wp-content\/uploads\/2023\/04\/amlo-10.jpg","_links":{"self":[{"href":"https:\/\/www.diarioimagen.net\/index.php?rest_route=\/wp\/v2\/media\/581975","targetHints":{"allow":["GET"]}}],"collection":[{"href":"https:\/\/www.diarioimagen.net\/index.php?rest_route=\/wp\/v2\/media"}],"about":[{"href":"https:\/\/www.diarioimagen.net\/index.php?rest_route=\/wp\/v2\/types\/attachment"}],"author":[{"embeddable":true,"href":"https:\/\/www.diarioimagen.net\/index.php?rest_route=\/wp\/v2\/users\/3"}],"replies":[{"embeddable":true,"href":"https:\/\/www.diarioimagen.net\/index.php?rest_route=%2Fwp%2Fv2%2Fcomments&post=581975"}]}}

<p>El secretario de Gobernación, Adán Augusto López, rechazó que el gobierno pretenda dejar inhabilitado el INAI.</p>
