{"id":581993,"date":"2023-04-26T02:22:25","date_gmt":"2023-04-26T08:22:25","guid":{"rendered":"https:\/\/www.diarioimagen.net\/wp-content\/uploads\/2023\/04\/REPORTE-MEDICO.jpg"},"modified":"2023-04-26T02:22:29","modified_gmt":"2023-04-26T08:22:29","slug":"reporte-medico","status":"inherit","type":"attachment","link":"https:\/\/www.diarioimagen.net\/?attachment_id=581993","title":{"rendered":"REPORTE-MEDICO"},"author":3,"featured_media":0,"comment_status":"open","ping_status":"closed","template":"","meta":{"_monsterinsights_skip_tracking":false,"_monsterinsights_sitenote_active":false,"_monsterinsights_sitenote_note":"","_monsterinsights_sitenote_category":0},"class_list":["post-581993","attachment","type-attachment","status-inherit","hentry"],"description":{"rendered":"<p class=\"attachment\"><a href='https:\/\/www.diarioimagen.net\/wp-content\/uploads\/2023\/04\/REPORTE-MEDICO.jpg'><img loading=\"lazy\" decoding=\"async\" width=\"240\" height=\"141\" src=\"https:\/\/www.diarioimagen.net\/wp-content\/uploads\/2023\/04\/REPORTE-MEDICO.jpg\" class=\"attachment-medium size-medium\" alt=\"\" \/><\/a><\/p>\n"},"caption":{"rendered":"<p>Jorge Alcocer Varela, secretario de Salud, afirm\u00f3 que el presidente Andr\u00e9s Manuel L\u00f3pez Obrador presenta s\u00edntomas leves de Covid-19, pero la condici\u00f3n de su coraz\u00f3n es normal.<\/p>\n"},"alt_text":"","media_type":"image","mime_type":"image\/jpeg","media_details":{"width":460,"height":270,"file":"2023\/04\/REPORTE-MEDICO.jpg","filesize":41513,"sizes":{},"image_meta":{"aperture":"0","credit":"","camera":"","caption":"","created_timestamp":"0","copyright":"","focal_length":"0","iso":"0","shutter_speed":"0","title":"","orientation":"0","keywords":[]}},"post":581918,"source_url":"https:\/\/www.diarioimagen.net\/wp-content\/uploads\/2023\/04\/REPORTE-MEDICO.jpg","_links":{"self":[{"href":"https:\/\/www.diarioimagen.net\/index.php?rest_route=\/wp\/v2\/media\/581993","targetHints":{"allow":["GET"]}}],"collection":[{"href":"https:\/\/www.diarioimagen.net\/index.php?rest_route=\/wp\/v2\/media"}],"about":[{"href":"https:\/\/www.diarioimagen.net\/index.php?rest_route=\/wp\/v2\/types\/attachment"}],"author":[{"embeddable":true,"href":"https:\/\/www.diarioimagen.net\/index.php?rest_route=\/wp\/v2\/users\/3"}],"replies":[{"embeddable":true,"href":"https:\/\/www.diarioimagen.net\/index.php?rest_route=%2Fwp%2Fv2%2Fcomments&post=581993"}]}}

<p>Jorge Alcocer Varela, secretario de Salud, afirmó que el presidente Andrés Manuel López Obrador presenta síntomas leves de Covid-19, pero la condición de su corazón es normal.</p>
