{"id":582109,"date":"2023-04-27T01:18:58","date_gmt":"2023-04-27T07:18:58","guid":{"rendered":"https:\/\/www.diarioimagen.net\/wp-content\/uploads\/2023\/04\/derecho-6.jpg"},"modified":"2023-04-27T01:19:03","modified_gmt":"2023-04-27T07:19:03","slug":"derecho-636","status":"inherit","type":"attachment","link":"https:\/\/www.diarioimagen.net\/?attachment_id=582109","title":{"rendered":"derecho"},"author":3,"featured_media":0,"comment_status":"open","ping_status":"closed","template":"","meta":{"_monsterinsights_skip_tracking":false,"_monsterinsights_sitenote_active":false,"_monsterinsights_sitenote_note":"","_monsterinsights_sitenote_category":0},"class_list":["post-582109","attachment","type-attachment","status-inherit","hentry"],"description":{"rendered":"<p class=\"attachment\"><a href='https:\/\/www.diarioimagen.net\/wp-content\/uploads\/2023\/04\/derecho-6.jpg'><img loading=\"lazy\" decoding=\"async\" width=\"240\" height=\"141\" src=\"https:\/\/www.diarioimagen.net\/wp-content\/uploads\/2023\/04\/derecho-6.jpg\" class=\"attachment-medium size-medium\" alt=\"\" \/><\/a><\/p>\n"},"caption":{"rendered":"<p>El \u201cpolvo rosa\u201d se ha convertido en la droga de moda, es muy cara y m\u00e1s adictiva que la coca\u00edna y puede provocar episodios de p\u00e1nico.<\/p>\n"},"alt_text":"","media_type":"image","mime_type":"image\/jpeg","media_details":{"width":460,"height":270,"file":"2023\/04\/derecho-6.jpg","filesize":37772,"sizes":{},"image_meta":{"aperture":"0","credit":"","camera":"","caption":"","created_timestamp":"0","copyright":"Copyright (c) 2019 Mike_shots\/Shutterstock.  No use without permission.","focal_length":"0","iso":"0","shutter_speed":"0","title":"","orientation":"0","keywords":[]}},"post":582022,"source_url":"https:\/\/www.diarioimagen.net\/wp-content\/uploads\/2023\/04\/derecho-6.jpg","_links":{"self":[{"href":"https:\/\/www.diarioimagen.net\/index.php?rest_route=\/wp\/v2\/media\/582109","targetHints":{"allow":["GET"]}}],"collection":[{"href":"https:\/\/www.diarioimagen.net\/index.php?rest_route=\/wp\/v2\/media"}],"about":[{"href":"https:\/\/www.diarioimagen.net\/index.php?rest_route=\/wp\/v2\/types\/attachment"}],"author":[{"embeddable":true,"href":"https:\/\/www.diarioimagen.net\/index.php?rest_route=\/wp\/v2\/users\/3"}],"replies":[{"embeddable":true,"href":"https:\/\/www.diarioimagen.net\/index.php?rest_route=%2Fwp%2Fv2%2Fcomments&post=582109"}]}}

<p>El “polvo rosa” se ha convertido en la droga de moda, es muy cara y más adictiva que la cocaína y puede provocar episodios de pánico.</p>
