{"id":582118,"date":"2023-04-27T01:58:39","date_gmt":"2023-04-27T07:58:39","guid":{"rendered":"https:\/\/www.diarioimagen.net\/wp-content\/uploads\/2023\/04\/aeropuerto.jpg"},"modified":"2023-04-27T01:58:42","modified_gmt":"2023-04-27T07:58:42","slug":"aeropuerto-13","status":"inherit","type":"attachment","link":"https:\/\/www.diarioimagen.net\/?attachment_id=582118","title":{"rendered":"aeropuerto"},"author":3,"featured_media":0,"comment_status":"open","ping_status":"closed","template":"","meta":{"_monsterinsights_skip_tracking":false,"_monsterinsights_sitenote_active":false,"_monsterinsights_sitenote_note":"","_monsterinsights_sitenote_category":0},"class_list":["post-582118","attachment","type-attachment","status-inherit","hentry"],"description":{"rendered":"<p class=\"attachment\"><a href='https:\/\/www.diarioimagen.net\/wp-content\/uploads\/2023\/04\/aeropuerto.jpg'><img loading=\"lazy\" decoding=\"async\" width=\"240\" height=\"141\" src=\"https:\/\/www.diarioimagen.net\/wp-content\/uploads\/2023\/04\/aeropuerto.jpg\" class=\"attachment-medium size-medium\" alt=\"\" \/><\/a><\/p>\n"},"caption":{"rendered":"<p>La Procuradur\u00eda Federal del Consumidor (Profeco) aplicar\u00e1 las medidas necesarias a las aerol\u00edneas que no cumplan de acuerdo al \u00e1mbito de su competencia.<\/p>\n"},"alt_text":"","media_type":"image","mime_type":"image\/jpeg","media_details":{"width":460,"height":270,"file":"2023\/04\/aeropuerto.jpg","filesize":66399,"sizes":{},"image_meta":{"aperture":"0","credit":"","camera":"","caption":"","created_timestamp":"0","copyright":"","focal_length":"0","iso":"0","shutter_speed":"0","title":"","orientation":"0","keywords":[]}},"post":582028,"source_url":"https:\/\/www.diarioimagen.net\/wp-content\/uploads\/2023\/04\/aeropuerto.jpg","_links":{"self":[{"href":"https:\/\/www.diarioimagen.net\/index.php?rest_route=\/wp\/v2\/media\/582118","targetHints":{"allow":["GET"]}}],"collection":[{"href":"https:\/\/www.diarioimagen.net\/index.php?rest_route=\/wp\/v2\/media"}],"about":[{"href":"https:\/\/www.diarioimagen.net\/index.php?rest_route=\/wp\/v2\/types\/attachment"}],"author":[{"embeddable":true,"href":"https:\/\/www.diarioimagen.net\/index.php?rest_route=\/wp\/v2\/users\/3"}],"replies":[{"embeddable":true,"href":"https:\/\/www.diarioimagen.net\/index.php?rest_route=%2Fwp%2Fv2%2Fcomments&post=582118"}]}}

<p>La Procuraduría Federal del Consumidor (Profeco) aplicará las medidas necesarias a las aerolíneas que no cumplan de acuerdo al ámbito de su competencia.</p>
