{"id":582122,"date":"2023-04-27T02:00:04","date_gmt":"2023-04-27T08:00:04","guid":{"rendered":"https:\/\/www.diarioimagen.net\/wp-content\/uploads\/2023\/04\/imss-insabi.jpg"},"modified":"2023-04-27T02:00:08","modified_gmt":"2023-04-27T08:00:08","slug":"imss-insabi","status":"inherit","type":"attachment","link":"https:\/\/www.diarioimagen.net\/?attachment_id=582122","title":{"rendered":"imss-insabi"},"author":3,"featured_media":0,"comment_status":"open","ping_status":"closed","template":"","meta":{"_monsterinsights_skip_tracking":false,"_monsterinsights_sitenote_active":false,"_monsterinsights_sitenote_note":"","_monsterinsights_sitenote_category":0},"class_list":["post-582122","attachment","type-attachment","status-inherit","hentry"],"description":{"rendered":"<p class=\"attachment\"><a href='https:\/\/www.diarioimagen.net\/wp-content\/uploads\/2023\/04\/imss-insabi.jpg'><img loading=\"lazy\" decoding=\"async\" width=\"240\" height=\"141\" src=\"https:\/\/www.diarioimagen.net\/wp-content\/uploads\/2023\/04\/imss-insabi.jpg\" class=\"attachment-medium size-medium\" alt=\"\" \/><\/a><\/p>\n"},"caption":{"rendered":"<p>Ad\u00e1n Augusto L\u00f3pez afirm\u00f3 que con el traspaso del Insabi al IMSS-Bienestar ahora s\u00ed se garantizar\u00e1 la gratuidad de los servicios de salud en el pa\u00eds.<\/p>\n"},"alt_text":"","media_type":"image","mime_type":"image\/jpeg","media_details":{"width":460,"height":270,"file":"2023\/04\/imss-insabi.jpg","filesize":44474,"sizes":{},"image_meta":{"aperture":"0","credit":"","camera":"","caption":"","created_timestamp":"0","copyright":"","focal_length":"0","iso":"0","shutter_speed":"0","title":"","orientation":"0","keywords":[]}},"post":582044,"source_url":"https:\/\/www.diarioimagen.net\/wp-content\/uploads\/2023\/04\/imss-insabi.jpg","_links":{"self":[{"href":"https:\/\/www.diarioimagen.net\/index.php?rest_route=\/wp\/v2\/media\/582122","targetHints":{"allow":["GET"]}}],"collection":[{"href":"https:\/\/www.diarioimagen.net\/index.php?rest_route=\/wp\/v2\/media"}],"about":[{"href":"https:\/\/www.diarioimagen.net\/index.php?rest_route=\/wp\/v2\/types\/attachment"}],"author":[{"embeddable":true,"href":"https:\/\/www.diarioimagen.net\/index.php?rest_route=\/wp\/v2\/users\/3"}],"replies":[{"embeddable":true,"href":"https:\/\/www.diarioimagen.net\/index.php?rest_route=%2Fwp%2Fv2%2Fcomments&post=582122"}]}}

<p>Adán Augusto López afirmó que con el traspaso del Insabi al IMSS-Bienestar ahora sí se garantizará la gratuidad de los servicios de salud en el país.</p>
