{"id":582721,"date":"2023-05-04T00:06:52","date_gmt":"2023-05-04T06:06:52","guid":{"rendered":"https:\/\/www.diarioimagen.net\/wp-content\/uploads\/2023\/05\/LINEA-12.jpg"},"modified":"2023-05-04T00:06:58","modified_gmt":"2023-05-04T06:06:58","slug":"linea-12-6","status":"inherit","type":"attachment","link":"https:\/\/www.diarioimagen.net\/?attachment_id=582721","title":{"rendered":"LINEA-12"},"author":3,"featured_media":0,"comment_status":"open","ping_status":"closed","template":"","meta":{"_monsterinsights_skip_tracking":false,"_monsterinsights_sitenote_active":false,"_monsterinsights_sitenote_note":"","_monsterinsights_sitenote_category":0},"class_list":["post-582721","attachment","type-attachment","status-inherit","hentry"],"description":{"rendered":"<p class=\"attachment\"><a href='https:\/\/www.diarioimagen.net\/wp-content\/uploads\/2023\/05\/LINEA-12.jpg'><img loading=\"lazy\" decoding=\"async\" width=\"240\" height=\"141\" src=\"https:\/\/www.diarioimagen.net\/wp-content\/uploads\/2023\/05\/LINEA-12.jpg\" class=\"attachment-medium size-medium\" alt=\"\" \/><\/a><\/p>\n"},"caption":{"rendered":"<p>El tramo elevado de la L\u00ednea 12 del Metro a\u00fan est\u00e1 en rehabilitaci\u00f3n, a 2 a\u00f1os de la tragedia donde fallecieron 26 personas y decenas resultaron heridas.<\/p>\n"},"alt_text":"","media_type":"image","mime_type":"image\/jpeg","media_details":{"width":460,"height":270,"file":"2023\/05\/LINEA-12.jpg","filesize":82475,"sizes":{},"image_meta":{"aperture":"0","credit":"","camera":"","caption":"","created_timestamp":"0","copyright":"","focal_length":"0","iso":"0","shutter_speed":"0","title":"","orientation":"0","keywords":[]}},"post":582632,"source_url":"https:\/\/www.diarioimagen.net\/wp-content\/uploads\/2023\/05\/LINEA-12.jpg","_links":{"self":[{"href":"https:\/\/www.diarioimagen.net\/index.php?rest_route=\/wp\/v2\/media\/582721","targetHints":{"allow":["GET"]}}],"collection":[{"href":"https:\/\/www.diarioimagen.net\/index.php?rest_route=\/wp\/v2\/media"}],"about":[{"href":"https:\/\/www.diarioimagen.net\/index.php?rest_route=\/wp\/v2\/types\/attachment"}],"author":[{"embeddable":true,"href":"https:\/\/www.diarioimagen.net\/index.php?rest_route=\/wp\/v2\/users\/3"}],"replies":[{"embeddable":true,"href":"https:\/\/www.diarioimagen.net\/index.php?rest_route=%2Fwp%2Fv2%2Fcomments&post=582721"}]}}

<p>El tramo elevado de la Línea 12 del Metro aún está en rehabilitación, a 2 años de la tragedia donde fallecieron 26 personas y decenas resultaron heridas.</p>
