{"id":582879,"date":"2023-05-05T02:12:46","date_gmt":"2023-05-05T08:12:46","guid":{"rendered":"https:\/\/www.diarioimagen.net\/wp-content\/uploads\/2023\/05\/amlo-1.jpg"},"modified":"2023-05-05T02:12:50","modified_gmt":"2023-05-05T08:12:50","slug":"amlo-374","status":"inherit","type":"attachment","link":"https:\/\/www.diarioimagen.net\/?attachment_id=582879","title":{"rendered":"amlo"},"author":3,"featured_media":0,"comment_status":"open","ping_status":"closed","template":"","meta":{"_monsterinsights_skip_tracking":false,"_monsterinsights_sitenote_active":false,"_monsterinsights_sitenote_note":"","_monsterinsights_sitenote_category":0},"class_list":["post-582879","attachment","type-attachment","status-inherit","hentry"],"description":{"rendered":"<p class=\"attachment\"><a href='https:\/\/www.diarioimagen.net\/wp-content\/uploads\/2023\/05\/amlo-1.jpg'><img loading=\"lazy\" decoding=\"async\" width=\"240\" height=\"141\" src=\"https:\/\/www.diarioimagen.net\/wp-content\/uploads\/2023\/05\/amlo-1.jpg\" class=\"attachment-medium size-medium\" alt=\"\" \/><\/a><\/p>\n"},"caption":{"rendered":"<p>Andr\u00e9s Manuel L\u00f3pez Obrador acus\u00f3 que ante la pr\u00f3xima elecci\u00f3n presidencial en EU, habr\u00e1 \u201ctraidorzuelos\u201d que buscar\u00e1n culpar a M\u00e9xico de la producci\u00f3n de fentanilo.<\/p>\n"},"alt_text":"","media_type":"image","mime_type":"image\/jpeg","media_details":{"width":460,"height":270,"file":"2023\/05\/amlo-1.jpg","filesize":43862,"sizes":{},"image_meta":{"aperture":"0","credit":"","camera":"","caption":"","created_timestamp":"0","copyright":"","focal_length":"0","iso":"0","shutter_speed":"0","title":"","orientation":"0","keywords":[]}},"post":582790,"source_url":"https:\/\/www.diarioimagen.net\/wp-content\/uploads\/2023\/05\/amlo-1.jpg","_links":{"self":[{"href":"https:\/\/www.diarioimagen.net\/index.php?rest_route=\/wp\/v2\/media\/582879","targetHints":{"allow":["GET"]}}],"collection":[{"href":"https:\/\/www.diarioimagen.net\/index.php?rest_route=\/wp\/v2\/media"}],"about":[{"href":"https:\/\/www.diarioimagen.net\/index.php?rest_route=\/wp\/v2\/types\/attachment"}],"author":[{"embeddable":true,"href":"https:\/\/www.diarioimagen.net\/index.php?rest_route=\/wp\/v2\/users\/3"}],"replies":[{"embeddable":true,"href":"https:\/\/www.diarioimagen.net\/index.php?rest_route=%2Fwp%2Fv2%2Fcomments&post=582879"}]}}

<p>Andrés Manuel López Obrador acusó que ante la próxima elección presidencial en EU, habrá “traidorzuelos” que buscarán culpar a México de la producción de fentanilo.</p>
